{"id":743,"date":"2024-02-10T12:55:43","date_gmt":"2024-02-10T15:55:43","guid":{"rendered":"https:\/\/inforse.org\/latinamerica\/?page_id=743"},"modified":"2024-02-14T18:43:19","modified_gmt":"2024-02-14T21:43:19","slug":"publicacao-sinergias-pt","status":"publish","type":"page","link":"https:\/\/inforse.org\/latinamerica\/pt\/publicacao-sinergias-pt\/","title":{"rendered":"Publica\u00e7\u00e3o: Sinergias"},"content":{"rendered":"<p><a href=\"https:\/\/inforse.org\/latinamerica\/wp-content\/uploads\/2023\/11\/portugues-ver-4-all-comments-incorporated-Combined-Local-Sustainable-Energy-Solutions-and-policies-text-.pdf\"><img decoding=\"async\" loading=\"lazy\" class=\"alignleft wp-image-909 size-medium\" src=\"https:\/\/inforse.org\/latinamerica\/wp-content\/uploads\/2024\/02\/PUB_Synergies_PT-50-1-211x300.png\" alt=\"Publication Synergries PT\" width=\"211\" height=\"300\" srcset=\"https:\/\/inforse.org\/latinamerica\/wp-content\/uploads\/2024\/02\/PUB_Synergies_PT-50-1-211x300.png 211w, https:\/\/inforse.org\/latinamerica\/wp-content\/uploads\/2024\/02\/PUB_Synergies_PT-50-1.png 490w\" sizes=\"(max-width: 211px) 100vw, 211px\" \/><\/a>Publica\u00e7\u00e3o do Projeto de Coopera\u00e7\u00e3o INFORSE &#8220;Sinergias entre Continentes&#8221;, 2022-23<br \/>\n&#8220;Solu\u00e7\u00f5es locais propostas para a\u00e7\u00e3o e desenvolvimento clim\u00e1tico e pol\u00edticas para promover e ampliar solu\u00e7\u00f5es locais de energia sustent\u00e1vel&#8221;<br \/>\nDesenvolvido pelos Coordenadores da INFORSE na \u00c1frica, Am\u00e9rica Latina, Sul da \u00c1sia e Europa.<br \/>\nPublicado como parte do projeto INFORSE Synergies Across Continents.<br \/>\nLan\u00e7ado em agosto de 2023. Dispon\u00edvel em ingl\u00eas, espanhol, franc\u00eas e portugu\u00eas.<br \/>\nLeia mais sobre o projeto em ingl\u00eas e baixe as publica\u00e7\u00f5es em: <a href=\"https:\/\/inforse.org\/synergies.php\">inforse.org\/synergies.php<\/a> e em espanhol e em <a href=\"https:\/\/inforse.org\/latinamerica\/wp-content\/uploads\/2023\/11\/portugues-ver-4-all-comments-incorporated-Combined-Local-Sustainable-Energy-Solutions-and-policies-text-.pdf\">portugu\u00eas.<\/a><\/p>\n","protected":false},"excerpt":{"rendered":"<p>Publica\u00e7\u00e3o do Projeto de Coopera\u00e7\u00e3o INFORSE &#8220;Sinergias entre Continentes&#8221;, 2022-23 &#8220;Solu\u00e7\u00f5es locais propostas para a\u00e7\u00e3o e desenvolvimento clim\u00e1tico e pol\u00edticas para promover e ampliar solu\u00e7\u00f5es locais de energia sustent\u00e1vel&#8221; Desenvolvido pelos Coordenadores da INFORSE na \u00c1frica, Am\u00e9rica Latina, Sul da \u00c1sia e Europa. Publicado como parte do projeto INFORSE Synergies Across Continents. Lan\u00e7ado em agosto &hellip; <\/p>\n<p class=\"link-more\"><a href=\"https:\/\/inforse.org\/latinamerica\/pt\/publicacao-sinergias-pt\/\" class=\"more-link\">Continue reading<span class=\"screen-reader-text\"> &#8220;Publica\u00e7\u00e3o: Sinergias&#8221;<\/span><\/a><\/p>\n","protected":false},"author":3,"featured_media":0,"parent":0,"menu_order":0,"comment_status":"closed","ping_status":"closed","template":"","meta":{"footnotes":""},"_links":{"self":[{"href":"https:\/\/inforse.org\/latinamerica\/wp-json\/wp\/v2\/pages\/743"}],"collection":[{"href":"https:\/\/inforse.org\/latinamerica\/wp-json\/wp\/v2\/pages"}],"about":[{"href":"https:\/\/inforse.org\/latinamerica\/wp-json\/wp\/v2\/types\/page"}],"author":[{"embeddable":true,"href":"https:\/\/inforse.org\/latinamerica\/wp-json\/wp\/v2\/users\/3"}],"replies":[{"embeddable":true,"href":"https:\/\/inforse.org\/latinamerica\/wp-json\/wp\/v2\/comments?post=743"}],"version-history":[{"count":9,"href":"https:\/\/inforse.org\/latinamerica\/wp-json\/wp\/v2\/pages\/743\/revisions"}],"predecessor-version":[{"id":912,"href":"https:\/\/inforse.org\/latinamerica\/wp-json\/wp\/v2\/pages\/743\/revisions\/912"}],"wp:attachment":[{"href":"https:\/\/inforse.org\/latinamerica\/wp-json\/wp\/v2\/media?parent=743"}],"curies":[{"name":"wp","href":"https:\/\/api.w.org\/{rel}","templated":true}]}}