{"id":74,"date":"2022-10-27T07:06:27","date_gmt":"2022-10-27T10:06:27","guid":{"rendered":"https:\/\/inforse.org\/latinamerica\/?page_id=74"},"modified":"2024-04-15T08:22:33","modified_gmt":"2024-04-15T11:22:33","slug":"atividades","status":"publish","type":"page","link":"https:\/\/inforse.org\/latinamerica\/pt\/atividades\/","title":{"rendered":"Actividades"},"content":{"rendered":"<p>A INFORSE participou com contribui\u00e7\u00f5es, declara\u00e7\u00f5es comuns e representa\u00e7\u00f5es no\u00a0<a href=\"http:\/\/www.eco-forum.org\/\">Eco-F\u00f3rum Europeu<\/a>\u00a0e no<a href=\"http:\/\/www.cures-network.org\/\">\u00a0Cidad\u00e3os Unidos pelas Energias Renov\u00e1veis e pela Sustentabilidade<\/a> (CURES).<\/p>\n<p>A INFORSE tem uma\u00a0<a href=\"https:\/\/www.inforse.org\/europe\/VisionWorld.htm\">Vis\u00e3o Global de Energia Sustent\u00e1vel<\/a> at\u00e9 2050\u00a0com fornecimento de energia 100% renov\u00e1vel. A Vis\u00e3o foi preparada e apresentada na Confer\u00eancia do Rio em 2002.<\/p>\n<p>A rede gira em torno dos membros apoiados por\u00a0<strong>Pontos Focais Nacionais<\/strong>\u00a0em alguns pa\u00edses e\u00a0<strong>Coordenadores Regionais<\/strong>\u00a0que trabalham em suas respectivas regi\u00f5es.<br \/>\nAs regi\u00f5es mais ativas s\u00e3o\u00a0<a href=\"https:\/\/www.inforse.org\/europe\/\">Europa<\/a>,\u00a0<a href=\"https:\/\/www.inforse.org\/asia\/\">\u00c1sia<\/a> e\u00a0<a href=\"https:\/\/www.inforse.org\/africa\/\">\u00c1frica<\/a>. Em 2022, a regi\u00e3o da\u00a0<a href=\"https:\/\/inforse.org\/latinamerica\/es\/\">Am\u00e9rica Latina<\/a>\u00a0criou seu pr\u00f3prio site. Em 2022-24, as regi\u00f5es da INFORSE participaram de um projeto de rede global\u00a0<a href=\"https:\/\/www.inforse.org\/synergies.php\">Synergy Across Continents<\/a>.<\/p>\n","protected":false},"excerpt":{"rendered":"<p>A INFORSE participou com contribui\u00e7\u00f5es, declara\u00e7\u00f5es comuns e representa\u00e7\u00f5es no\u00a0Eco-F\u00f3rum Europeu\u00a0e no\u00a0Cidad\u00e3os Unidos pelas Energias Renov\u00e1veis e pela Sustentabilidade (CURES). A INFORSE tem uma\u00a0Vis\u00e3o Global de Energia Sustent\u00e1vel at\u00e9 2050\u00a0com fornecimento de energia 100% renov\u00e1vel. A Vis\u00e3o foi preparada e apresentada na Confer\u00eancia do Rio em 2002. A rede gira em torno dos membros apoiados &hellip; <\/p>\n<p class=\"link-more\"><a href=\"https:\/\/inforse.org\/latinamerica\/pt\/atividades\/\" class=\"more-link\">Continue reading<span class=\"screen-reader-text\"> &#8220;Actividades&#8221;<\/span><\/a><\/p>\n","protected":false},"author":1,"featured_media":0,"parent":0,"menu_order":0,"comment_status":"closed","ping_status":"closed","template":"","meta":{"footnotes":""},"_links":{"self":[{"href":"https:\/\/inforse.org\/latinamerica\/wp-json\/wp\/v2\/pages\/74"}],"collection":[{"href":"https:\/\/inforse.org\/latinamerica\/wp-json\/wp\/v2\/pages"}],"about":[{"href":"https:\/\/inforse.org\/latinamerica\/wp-json\/wp\/v2\/types\/page"}],"author":[{"embeddable":true,"href":"https:\/\/inforse.org\/latinamerica\/wp-json\/wp\/v2\/users\/1"}],"replies":[{"embeddable":true,"href":"https:\/\/inforse.org\/latinamerica\/wp-json\/wp\/v2\/comments?post=74"}],"version-history":[{"count":5,"href":"https:\/\/inforse.org\/latinamerica\/wp-json\/wp\/v2\/pages\/74\/revisions"}],"predecessor-version":[{"id":1231,"href":"https:\/\/inforse.org\/latinamerica\/wp-json\/wp\/v2\/pages\/74\/revisions\/1231"}],"wp:attachment":[{"href":"https:\/\/inforse.org\/latinamerica\/wp-json\/wp\/v2\/media?parent=74"}],"curies":[{"name":"wp","href":"https:\/\/api.w.org\/{rel}","templated":true}]}}

<p>A INFORSE participou com contribuições, declarações comuns e representações no <a href="http://www.eco-forum.org/">Eco-Fórum Europeu</a> e no<a href="http://www.cures-network.org/"> Cidadãos Unidos pelas Energias Renováveis e pela Sustentabilidade</a> (CURES).</p>
<p>A INFORSE tem uma <a href="https://www.inforse.org/europe/VisionWorld.htm">Visão Global de Energia Sustentável</a> até 2050 com fornecimento de energia 100% renovável. A Visão foi preparada e apresentada na Conferência do Rio em 2002.</p>
<p>A rede gira em torno dos membros apoiados por <strong>Pontos Focais Nacionais</strong> em alguns países e <strong>Coordenadores Regionais</strong> que trabalham em suas respectivas regiões.<br />
As regiões mais ativas são <a href="https://www.inforse.org/europe/">Europa</a>, <a href="https://www.inforse.org/asia/">Ásia</a> e <a href="https://www.inforse.org/africa/">África</a>. Em 2022, a região da <a href="https://inforse.org/latinamerica/es/">América Latina</a> criou seu próprio site. Em 2022-24, as regiões da INFORSE participaram de um projeto de rede global <a href="https://www.inforse.org/synergies.php">Synergy Across Continents</a>.</p>

<p>A INFORSE participou com contribuições, declarações comuns e representações no Eco-Fórum Europeu e no Cidadãos Unidos pelas Energias Renováveis e pela Sustentabilidade (CURES). A INFORSE tem uma Visão Global de Energia Sustentável até 2050 com fornecimento de energia 100% renovável. A Visão foi preparada e apresentada na Conferência do Rio em 2002. A rede gira em torno dos membros apoiados &hellip; </p>
<p class="link-more"><a href="https://inforse.org/latinamerica/pt/atividades/" class="more-link">Continue reading<span class="screen-reader-text"> &#8220;Actividades&#8221;</span></a></p>
