{"id":586,"date":"2023-11-30T11:01:02","date_gmt":"2023-11-30T14:01:02","guid":{"rendered":"https:\/\/inforse.org\/latinamerica\/?page_id=586"},"modified":"2024-02-10T14:36:30","modified_gmt":"2024-02-10T17:36:30","slug":"cop-28-pt","status":"publish","type":"page","link":"https:\/\/inforse.org\/latinamerica\/pt\/cop-28-pt\/","title":{"rendered":"CQNUMC COP 28 (PT)"},"content":{"rendered":"<h1 id=\"firstHeading\" class=\"firstHeading mw-first-heading\"><span class=\"mw-page-title-main\">Conven\u00e7\u00e3o-Quadro das Na\u00e7\u00f5es Unidas sobre a Mudan\u00e7a do Clima (CQNUMC\/UNFCCC) COP28<br \/>\n<\/span><\/h1>\n<p>A INFORSE est\u00e1 presente no desenvolvimento da Confer\u00eancia das Partes n\u00ba 28 da CQNUMC, atrav\u00e9s de uma exposi\u00e7\u00e3o e dois eventos paralelos.<\/p>\n<p><strong>INFORSE na CQNUMC COP28, dezembro de 2023<br \/>\nExposi\u00e7\u00e3o INFORSE na <span class=\"mw-page-title-main\">CQNUMC<\/span> COP28, estande na Zona Azul<br \/>\nEstande n\u00ba 1.\u00a0 Data:\u00a0 1 a 6 de dezembro de 2023<\/strong><\/p>\n<p>Organizadores: INFORSE (Rede Global), AIWC (\u00cdndia), INSEDA (\u00cdndia), Suswatch (Qu\u00eania) e SE (Dinamarca) INFORSE Regi\u00f5es de coopera\u00e7\u00e3o do Sul da \u00c1sia &#8211; \u00c1frica Oriental &#8211; Europa.<br \/>\nEstilos de vida sustent\u00e1veis, sufici\u00eancia, pol\u00edticas para reduzir as emiss\u00f5es provenientes de estilos de vida ricos, transi\u00e7\u00e3o para energias 100% renov\u00e1veis, inclus\u00e3o em novos NDC. Resultados de novas pesquisas sobre sufici\u00eancia na Europa e na \u00cdndia. Concentre-se no g\u00eanero. Cat\u00e1logos online de solu\u00e7\u00f5es locais na \u00c1frica, Sul da \u00c1sia. Desenvolvimento de ecovilas.<\/p>\n<p><strong>Evento paralelo COP28 da UNFCCC, Zona Azul<br \/>\nData: sexta-feira, 8 de dezembro de 2023, Hor\u00e1rio: 11.30-13.00, Sala SE 1<\/strong><\/p>\n<p>T\u00edtulo: Solu\u00e7\u00f5es locais e 100% renov\u00e1veis: \u00c1frica, Sul da \u00c1sia e resili\u00eancia clim\u00e1tica e redu\u00e7\u00e3o da pobreza local &#8211;<br \/>\nDescri\u00e7\u00e3o: Mostrando o desenvolvimento da comunidade e das ecovilas: transi\u00e7\u00e3o para energia 100% renov\u00e1vel, mitiga\u00e7\u00e3o clim\u00e1tica, adapta\u00e7\u00e3o e resili\u00eancia com benef\u00edcios colaterais sociais, gera\u00e7\u00e3o de renda, seguran\u00e7a alimentar, meios de subsist\u00eancia, g\u00e9nero. Cat\u00e1logos on-line. Exemplos Planeamento e forma\u00e7\u00e3o participativos em \u00c1frica, no Sul da \u00c1sia e em todo o mundo. &#8211; Organizadores: Global Ecovillage Network (GEN International), INSEDA (INFORSE-South Asia), Nordic Folkecenter for Renewable Energy, SusWatch. &#8211; Palestrantes: Anna Kovasna, Resili\u00eancia Comunit\u00e1ria e Lideran\u00e7a Kinc\u00eantrica para Enfrentar Mudan\u00e7as Clim\u00e1ticas Catastr\u00f3ficas, GEN; Daniele Pagani, Nordic Folkecenter for Renewable Energy, Dinamarca; Sanjiv Nathan, INSEDA \u00cdndia e INFORSE-SA; Anzoo Sharma, CRT Nepal; Nobert Nyandire, SusWatch Qu\u00e9nia; Mary Swai, TaTEDO, Tanz\u00e2nia, INFORSE-EA.<\/p>\n<p><strong>Evento paralelo COP28 da UNFCCC, Zona Azul<br \/>\nData: S\u00e1bado, 9 de dezembro de 2023, Hor\u00e1rio: 15.00-16.30, Sala: SE Sala 7 T\u00edtulo: Estilos de vida sustent\u00e1veis, Sufici\u00eancia no apoio a uma a\u00e7\u00e3o clim\u00e1tica justa, NDC mais forte<\/strong><\/p>\n<p>Descri\u00e7\u00e3o: Estilos de vida sustent\u00e1veis \u200b\u200be sufici\u00eancia podem ajudar a reduzir as emiss\u00f5es em pa\u00edses com emiss\u00f5es elevadas e estilos de vida pr\u00f3speros. As pol\u00edticas para apoi\u00e1-los devem ser inclu\u00eddas no GST e nos novos NDC. Novas pesquisas europeias mostram as a\u00e7\u00f5es e pol\u00edticas de sufici\u00eancia espec\u00edficas que podem fazer a diferen\u00e7a.<br \/>\nOrganizadores:INFORSE, associa\u00e7\u00e3o n\u00e9gaWatt, Fran\u00e7a; Instituto Fraunhofer de Pesquisa e Inova\u00e7\u00e3o de Sistemas &#8211; FhG ISI, Alemanha; Energia Sustent\u00e1vel, Dinamarca. &#8211; Oradores: Representante da INFORSE e investigadores do projeto EU Horizon FULFILL incl. Gunnar Boye Olesen, Energia Sustent\u00e1vel, Dinamarca; Judit Szoleczky INFORSE-Europa; Dra. Elisabeth D\u00fctschke, Instituto Fraunhofer ISI, Alemanha; Yves Marginac, n\u00e9gaWatt, Fran\u00e7a.<\/p>\n","protected":false},"excerpt":{"rendered":"<p>Conven\u00e7\u00e3o-Quadro das Na\u00e7\u00f5es Unidas sobre a Mudan\u00e7a do Clima (CQNUMC\/UNFCCC) COP28 A INFORSE est\u00e1 presente no desenvolvimento da Confer\u00eancia das Partes n\u00ba 28 da CQNUMC, atrav\u00e9s de uma exposi\u00e7\u00e3o e dois eventos paralelos. INFORSE na CQNUMC COP28, dezembro de 2023 Exposi\u00e7\u00e3o INFORSE na CQNUMC COP28, estande na Zona Azul Estande n\u00ba 1.\u00a0 Data:\u00a0 1 a &hellip; <\/p>\n<p class=\"link-more\"><a href=\"https:\/\/inforse.org\/latinamerica\/pt\/cop-28-pt\/\" class=\"more-link\">Continue reading<span class=\"screen-reader-text\"> &#8220;CQNUMC COP 28 (PT)&#8221;<\/span><\/a><\/p>\n","protected":false},"author":2,"featured_media":587,"parent":0,"menu_order":0,"comment_status":"closed","ping_status":"closed","template":"","meta":{"footnotes":""},"_links":{"self":[{"href":"https:\/\/inforse.org\/latinamerica\/wp-json\/wp\/v2\/pages\/586"}],"collection":[{"href":"https:\/\/inforse.org\/latinamerica\/wp-json\/wp\/v2\/pages"}],"about":[{"href":"https:\/\/inforse.org\/latinamerica\/wp-json\/wp\/v2\/types\/page"}],"author":[{"embeddable":true,"href":"https:\/\/inforse.org\/latinamerica\/wp-json\/wp\/v2\/users\/2"}],"replies":[{"embeddable":true,"href":"https:\/\/inforse.org\/latinamerica\/wp-json\/wp\/v2\/comments?post=586"}],"version-history":[{"count":3,"href":"https:\/\/inforse.org\/latinamerica\/wp-json\/wp\/v2\/pages\/586\/revisions"}],"predecessor-version":[{"id":645,"href":"https:\/\/inforse.org\/latinamerica\/wp-json\/wp\/v2\/pages\/586\/revisions\/645"}],"wp:featuredmedia":[{"embeddable":true,"href":"https:\/\/inforse.org\/latinamerica\/wp-json\/wp\/v2\/media\/587"}],"wp:attachment":[{"href":"https:\/\/inforse.org\/latinamerica\/wp-json\/wp\/v2\/media?parent=586"}],"curies":[{"name":"wp","href":"https:\/\/api.w.org\/{rel}","templated":true}]}}

<h1 id="firstHeading" class="firstHeading mw-first-heading"><span class="mw-page-title-main">Convenção-Quadro das Nações Unidas sobre a Mudança do Clima (CQNUMC/UNFCCC) COP28<br />
</span></h1>
<p>A INFORSE está presente no desenvolvimento da Conferência das Partes nº 28 da CQNUMC, através de uma exposição e dois eventos paralelos.</p>
<p><strong>INFORSE na CQNUMC COP28, dezembro de 2023<br />
Exposição INFORSE na <span class="mw-page-title-main">CQNUMC</span> COP28, estande na Zona Azul<br />
Estande nº 1.  Data:  1 a 6 de dezembro de 2023</strong></p>
<p>Organizadores: INFORSE (Rede Global), AIWC (Índia), INSEDA (Índia), Suswatch (Quênia) e SE (Dinamarca) INFORSE Regiões de cooperação do Sul da Ásia &#8211; África Oriental &#8211; Europa.<br />
Estilos de vida sustentáveis, suficiência, políticas para reduzir as emissões provenientes de estilos de vida ricos, transição para energias 100% renováveis, inclusão em novos NDC. Resultados de novas pesquisas sobre suficiência na Europa e na Índia. Concentre-se no gênero. Catálogos online de soluções locais na África, Sul da Ásia. Desenvolvimento de ecovilas.</p>
<p><strong>Evento paralelo COP28 da UNFCCC, Zona Azul<br />
Data: sexta-feira, 8 de dezembro de 2023, Horário: 11.30-13.00, Sala SE 1</strong></p>
<p>Título: Soluções locais e 100% renováveis: África, Sul da Ásia e resiliência climática e redução da pobreza local &#8211;<br />
Descrição: Mostrando o desenvolvimento da comunidade e das ecovilas: transição para energia 100% renovável, mitigação climática, adaptação e resiliência com benefícios colaterais sociais, geração de renda, segurança alimentar, meios de subsistência, género. Catálogos on-line. Exemplos Planeamento e formação participativos em África, no Sul da Ásia e em todo o mundo. &#8211; Organizadores: Global Ecovillage Network (GEN International), INSEDA (INFORSE-South Asia), Nordic Folkecenter for Renewable Energy, SusWatch. &#8211; Palestrantes: Anna Kovasna, Resiliência Comunitária e Liderança Kincêntrica para Enfrentar Mudanças Climáticas Catastróficas, GEN; Daniele Pagani, Nordic Folkecenter for Renewable Energy, Dinamarca; Sanjiv Nathan, INSEDA Índia e INFORSE-SA; Anzoo Sharma, CRT Nepal; Nobert Nyandire, SusWatch Quénia; Mary Swai, TaTEDO, Tanzânia, INFORSE-EA.</p>
<p><strong>Evento paralelo COP28 da UNFCCC, Zona Azul<br />
Data: Sábado, 9 de dezembro de 2023, Horário: 15.00-16.30, Sala: SE Sala 7 Título: Estilos de vida sustentáveis, Suficiência no apoio a uma ação climática justa, NDC mais forte</strong></p>
<p>Descrição: Estilos de vida sustentáveis ​​e suficiência podem ajudar a reduzir as emissões em países com emissões elevadas e estilos de vida prósperos. As políticas para apoiá-los devem ser incluídas no GST e nos novos NDC. Novas pesquisas europeias mostram as ações e políticas de suficiência específicas que podem fazer a diferença.<br />
Organizadores:INFORSE, associação négaWatt, França; Instituto Fraunhofer de Pesquisa e Inovação de Sistemas &#8211; FhG ISI, Alemanha; Energia Sustentável, Dinamarca. &#8211; Oradores: Representante da INFORSE e investigadores do projeto EU Horizon FULFILL incl. Gunnar Boye Olesen, Energia Sustentável, Dinamarca; Judit Szoleczky INFORSE-Europa; Dra. Elisabeth Dütschke, Instituto Fraunhofer ISI, Alemanha; Yves Marginac, négaWatt, França.</p>

<p>Convenção-Quadro das Nações Unidas sobre a Mudança do Clima (CQNUMC/UNFCCC) COP28 A INFORSE está presente no desenvolvimento da Conferência das Partes nº 28 da CQNUMC, através de uma exposição e dois eventos paralelos. INFORSE na CQNUMC COP28, dezembro de 2023 Exposição INFORSE na CQNUMC COP28, estande na Zona Azul Estande nº 1.  Data:  1 a &hellip; </p>
<p class="link-more"><a href="https://inforse.org/latinamerica/pt/cop-28-pt/" class="more-link">Continue reading<span class="screen-reader-text"> &#8220;CQNUMC COP 28 (PT)&#8221;</span></a></p>
