{"id":583,"date":"2023-11-30T10:55:43","date_gmt":"2023-11-30T13:55:43","guid":{"rendered":"https:\/\/inforse.org\/latinamerica\/?page_id=583"},"modified":"2024-02-10T14:36:14","modified_gmt":"2024-02-10T17:36:14","slug":"cop-28-es","status":"publish","type":"page","link":"https:\/\/inforse.org\/latinamerica\/es\/cop-28-es\/","title":{"rendered":"CMNUCC COP 28 (ES)"},"content":{"rendered":"<p>INFORSE esta presente en el desarrollo de la Conferencia de las Partes N\u00ba28 de la CMNUCC, a traves de unas exhibicion y dos eventos paralelos.<\/p>\n<p>INFORSE en la COP28 de la CMNUCC, diciembre de 2023<\/p>\n<p><strong>Exposici\u00f3n INFORSE en la COP28 de la CMNUCC, puesto en la Zona Azul<br \/>\nStand No. 1. Fecha: 1- 6 de diciembre de 2023<\/strong><\/p>\n<p>Organizadores: INFORSE (Global Network), AIWC (India), INSEDA (India), Suswatch (Kenia) y SE (Dinamarca) Cooperaci\u00f3n INFORSE regiones del sur de Asia &#8211; \u00c1frica Oriental &#8211; Europa.<br \/>\nEstilos de vida sostenibles, suficiencia, pol\u00edticas para reducir las emisiones provenientes de estilos de vida ricos, transici\u00f3n a 100% energ\u00edas renovables, inclusi\u00f3n en nuevas NDC. Resultados de nuevas investigaciones sobre suficiencia en Europa e India. Centrarse en el g\u00e9nero. Cat\u00e1logos online de soluciones locales en \u00c1frica, S.Asia. Desarrollo de ecoaldeas.<\/p>\n<p><strong>Evento paralelo de la COP28 de la CMNUCC, Zona Azul<br \/>\nFecha: viernes 8 de diciembre de 2023, Hora: 11:30-13:00, Sala: Sala SE 1<\/strong><\/p>\n<p>T\u00edtulo: Soluciones locales y 100% renovables: \u00c1frica, Asia meridional y resiliencia clim\u00e1tica y pobreza local Reducci\u00f3n &#8211;<br \/>\nDescripci\u00f3n: Mostrando el desarrollo comunitario y de ecoaldeas: transici\u00f3n a 100% energ\u00edas renovables, mitigaci\u00f3n clim\u00e1tica, adaptaci\u00f3n y resiliencia con beneficios sociales colaterales, generaci\u00f3n de ingresos, seguridad alimentaria, medios de vida, g\u00e9nero. Cat\u00e1logos en l\u00ednea. Ejemplos Planificaci\u00f3n y capacitaci\u00f3n participativas en \u00c1frica, el sur de Asia y en todo el mundo. &#8211; Organizadores: Global Ecovillage Network (GEN International), INSEDA (INFORSE-South Asia), Nordic Folkecenter for Renewable Energy, SusWatch. &#8211; Oradores: Anna Kovasna, Resiliencia comunitaria y liderazgo kinc\u00e9ntrico para abordar el cambio clim\u00e1tico catastr\u00f3fico, GEN; Daniele Pagani, Nordic Folkecenter for Renewable Energy, Dinamarca; Sanjiv Nathan, INSEDA India e INFORSE-SA; Anzoo Sharma, CRT Nepal; Nobert Nyandire, SusWatch Kenia; Mary Swai, TaTEDO, Tanzania, INFORSE-EA.<\/p>\n<p><strong>Evento paralelo de la COP28 de la CMNUCC, Zona Azul<br \/>\nFecha: s\u00e1bado 9 de diciembre de 2023, Hora: 15:00-16:30 , Sala: SE Sala 7 T\u00edtulo: Estilos de vida sostenibles, Suficiencia en apoyo de una acci\u00f3n clim\u00e1tica justa, NDC m\u00e1s s\u00f3lidas<\/strong><\/p>\n<p>Descripci\u00f3n: Estilos de vida sostenibles, suficiencia , puede ayudar a reducir las emisiones en pa\u00edses con altas emisiones y estilos de vida pr\u00f3speros. Las pol\u00edticas que los respalden deber\u00edan incluirse en el GST y en las nuevas NDC. Una nueva investigaci\u00f3n europea muestra las acciones y pol\u00edticas espec\u00edficas de suficiencia que pueden marcar la diferencia.<br \/>\nOrganizadores: INFORSE, Asociaci\u00f3n n\u00e9gaWatt, Francia; Instituto Fraunhofer de Investigaci\u00f3n de Sistemas e Innovaci\u00f3n &#8211; FhG ISI, Alemania; Energ\u00eda Sostenible, Dinamarca. &#8211; Ponentes: Repr. de INFORSE e investigadores del proyecto EU Horizon FULFILL incl. Gunnar Boye Olesen, Energ\u00eda Sostenible, Dinamarca; Judit Szoleczky INFORSE-Europa; Dra. Elisabeth D\u00fctschke, Instituto Fraunhofer ISI, Alemania; Yves Marginac, n\u00e9gaWatt, Francia.<\/p>\n<p>Descargar <a href=\"https:\/\/www.inforse.org\/cop28.php\">COP28 presentaciones<\/a><\/p>\n","protected":false},"excerpt":{"rendered":"<p>INFORSE esta presente en el desarrollo de la Conferencia de las Partes N\u00ba28 de la CMNUCC, a traves de unas exhibicion y dos eventos paralelos. INFORSE en la COP28 de la CMNUCC, diciembre de 2023 Exposici\u00f3n INFORSE en la COP28 de la CMNUCC, puesto en la Zona Azul Stand No. 1. Fecha: 1- 6 de &hellip; <\/p>\n<p class=\"link-more\"><a href=\"https:\/\/inforse.org\/latinamerica\/es\/cop-28-es\/\" class=\"more-link\">Continue reading<span class=\"screen-reader-text\"> &#8220;CMNUCC COP 28 (ES)&#8221;<\/span><\/a><\/p>\n","protected":false},"author":2,"featured_media":584,"parent":0,"menu_order":0,"comment_status":"closed","ping_status":"closed","template":"","meta":{"footnotes":""},"_links":{"self":[{"href":"https:\/\/inforse.org\/latinamerica\/wp-json\/wp\/v2\/pages\/583"}],"collection":[{"href":"https:\/\/inforse.org\/latinamerica\/wp-json\/wp\/v2\/pages"}],"about":[{"href":"https:\/\/inforse.org\/latinamerica\/wp-json\/wp\/v2\/types\/page"}],"author":[{"embeddable":true,"href":"https:\/\/inforse.org\/latinamerica\/wp-json\/wp\/v2\/users\/2"}],"replies":[{"embeddable":true,"href":"https:\/\/inforse.org\/latinamerica\/wp-json\/wp\/v2\/comments?post=583"}],"version-history":[{"count":9,"href":"https:\/\/inforse.org\/latinamerica\/wp-json\/wp\/v2\/pages\/583\/revisions"}],"predecessor-version":[{"id":647,"href":"https:\/\/inforse.org\/latinamerica\/wp-json\/wp\/v2\/pages\/583\/revisions\/647"}],"wp:featuredmedia":[{"embeddable":true,"href":"https:\/\/inforse.org\/latinamerica\/wp-json\/wp\/v2\/media\/584"}],"wp:attachment":[{"href":"https:\/\/inforse.org\/latinamerica\/wp-json\/wp\/v2\/media?parent=583"}],"curies":[{"name":"wp","href":"https:\/\/api.w.org\/{rel}","templated":true}]}}

<p>INFORSE esta presente en el desarrollo de la Conferencia de las Partes Nº28 de la CMNUCC, a traves de unas exhibicion y dos eventos paralelos.</p>
<p>INFORSE en la COP28 de la CMNUCC, diciembre de 2023</p>
<p><strong>Exposición INFORSE en la COP28 de la CMNUCC, puesto en la Zona Azul<br />
Stand No. 1. Fecha: 1- 6 de diciembre de 2023</strong></p>
<p>Organizadores: INFORSE (Global Network), AIWC (India), INSEDA (India), Suswatch (Kenia) y SE (Dinamarca) Cooperación INFORSE regiones del sur de Asia &#8211; África Oriental &#8211; Europa.<br />
Estilos de vida sostenibles, suficiencia, políticas para reducir las emisiones provenientes de estilos de vida ricos, transición a 100% energías renovables, inclusión en nuevas NDC. Resultados de nuevas investigaciones sobre suficiencia en Europa e India. Centrarse en el género. Catálogos online de soluciones locales en África, S.Asia. Desarrollo de ecoaldeas.</p>
<p><strong>Evento paralelo de la COP28 de la CMNUCC, Zona Azul<br />
Fecha: viernes 8 de diciembre de 2023, Hora: 11:30-13:00, Sala: Sala SE 1</strong></p>
<p>Título: Soluciones locales y 100% renovables: África, Asia meridional y resiliencia climática y pobreza local Reducción &#8211;<br />
Descripción: Mostrando el desarrollo comunitario y de ecoaldeas: transición a 100% energías renovables, mitigación climática, adaptación y resiliencia con beneficios sociales colaterales, generación de ingresos, seguridad alimentaria, medios de vida, género. Catálogos en línea. Ejemplos Planificación y capacitación participativas en África, el sur de Asia y en todo el mundo. &#8211; Organizadores: Global Ecovillage Network (GEN International), INSEDA (INFORSE-South Asia), Nordic Folkecenter for Renewable Energy, SusWatch. &#8211; Oradores: Anna Kovasna, Resiliencia comunitaria y liderazgo kincéntrico para abordar el cambio climático catastrófico, GEN; Daniele Pagani, Nordic Folkecenter for Renewable Energy, Dinamarca; Sanjiv Nathan, INSEDA India e INFORSE-SA; Anzoo Sharma, CRT Nepal; Nobert Nyandire, SusWatch Kenia; Mary Swai, TaTEDO, Tanzania, INFORSE-EA.</p>
<p><strong>Evento paralelo de la COP28 de la CMNUCC, Zona Azul<br />
Fecha: sábado 9 de diciembre de 2023, Hora: 15:00-16:30 , Sala: SE Sala 7 Título: Estilos de vida sostenibles, Suficiencia en apoyo de una acción climática justa, NDC más sólidas</strong></p>
<p>Descripción: Estilos de vida sostenibles, suficiencia , puede ayudar a reducir las emisiones en países con altas emisiones y estilos de vida prósperos. Las políticas que los respalden deberían incluirse en el GST y en las nuevas NDC. Una nueva investigación europea muestra las acciones y políticas específicas de suficiencia que pueden marcar la diferencia.<br />
Organizadores: INFORSE, Asociación négaWatt, Francia; Instituto Fraunhofer de Investigación de Sistemas e Innovación &#8211; FhG ISI, Alemania; Energía Sostenible, Dinamarca. &#8211; Ponentes: Repr. de INFORSE e investigadores del proyecto EU Horizon FULFILL incl. Gunnar Boye Olesen, Energía Sostenible, Dinamarca; Judit Szoleczky INFORSE-Europa; Dra. Elisabeth Dütschke, Instituto Fraunhofer ISI, Alemania; Yves Marginac, négaWatt, Francia.</p>
<p>Descargar <a href="https://www.inforse.org/cop28.php">COP28 presentaciones</a></p>

<p>INFORSE esta presente en el desarrollo de la Conferencia de las Partes Nº28 de la CMNUCC, a traves de unas exhibicion y dos eventos paralelos. INFORSE en la COP28 de la CMNUCC, diciembre de 2023 Exposición INFORSE en la COP28 de la CMNUCC, puesto en la Zona Azul Stand No. 1. Fecha: 1- 6 de &hellip; </p>
<p class="link-more"><a href="https://inforse.org/latinamerica/es/cop-28-es/" class="more-link">Continue reading<span class="screen-reader-text"> &#8220;CMNUCC COP 28 (ES)&#8221;</span></a></p>
