{"id":539,"date":"2023-11-24T02:14:58","date_gmt":"2023-11-24T05:14:58","guid":{"rendered":"https:\/\/inforse.org\/latinamerica\/?page_id=539"},"modified":"2023-11-24T04:23:33","modified_gmt":"2023-11-24T07:23:33","slug":"banco-de-dados-de-solucoes-climaticas-locais","status":"publish","type":"page","link":"https:\/\/inforse.org\/latinamerica\/pt\/banco-de-dados-de-solucoes-climaticas-locais\/","title":{"rendered":"Banco de Dados de Solu\u00e7\u00f5es Clim\u00e1ticas Locais"},"content":{"rendered":"<p>Global: Synergies<\/p>\n<p>Asia\u00a0 <a href=\"https:\/\/www.inforse.org\/evd\/output\/solution_list.php\">EVD<\/a><\/p>\n<p>Africa:\u00a0 <a href=\"https:\/\/localsolutions.inforse.org\/\">Localsolutions<\/a><\/p>\n<p>&nbsp;<\/p>\n","protected":false},"excerpt":{"rendered":"<p>Global: Synergies Asia\u00a0 EVD Africa:\u00a0 Localsolutions &nbsp;<\/p>\n","protected":false},"author":2,"featured_media":0,"parent":0,"menu_order":0,"comment_status":"closed","ping_status":"closed","template":"","meta":{"footnotes":""},"_links":{"self":[{"href":"https:\/\/inforse.org\/latinamerica\/wp-json\/wp\/v2\/pages\/539"}],"collection":[{"href":"https:\/\/inforse.org\/latinamerica\/wp-json\/wp\/v2\/pages"}],"about":[{"href":"https:\/\/inforse.org\/latinamerica\/wp-json\/wp\/v2\/types\/page"}],"author":[{"embeddable":true,"href":"https:\/\/inforse.org\/latinamerica\/wp-json\/wp\/v2\/users\/2"}],"replies":[{"embeddable":true,"href":"https:\/\/inforse.org\/latinamerica\/wp-json\/wp\/v2\/comments?post=539"}],"version-history":[{"count":2,"href":"https:\/\/inforse.org\/latinamerica\/wp-json\/wp\/v2\/pages\/539\/revisions"}],"predecessor-version":[{"id":576,"href":"https:\/\/inforse.org\/latinamerica\/wp-json\/wp\/v2\/pages\/539\/revisions\/576"}],"wp:attachment":[{"href":"https:\/\/inforse.org\/latinamerica\/wp-json\/wp\/v2\/media?parent=539"}],"curies":[{"name":"wp","href":"https:\/\/api.w.org\/{rel}","templated":true}]}}