{"id":536,"date":"2023-11-24T02:11:19","date_gmt":"2023-11-24T05:11:19","guid":{"rendered":"https:\/\/inforse.org\/latinamerica\/?page_id=536"},"modified":"2024-04-22T08:43:01","modified_gmt":"2024-04-22T11:43:01","slug":"centro-de-recursos-2","status":"publish","type":"page","link":"https:\/\/inforse.org\/latinamerica\/pt\/centro-de-recursos-2\/","title":{"rendered":"Centro de Recursos"},"content":{"rendered":"<p>Entre as organiza\u00e7\u00f5es membros da INFORSE-Europe existem v\u00e1rias que t\u00eam a fun\u00e7\u00e3o de ser um centro de forma\u00e7\u00e3o para diferentes grupos-alvo:<\/p>\n<p><a href=\"https:\/\/www.inforse.org\/europe\/success\/SU_artefact.html\">ARTEFACT \u2013 Escola e Centro Solar de sucesso na Alemanha<\/a><br \/>\n<a href=\"https:\/\/www.inforse.org\/europe\/success\/SU_CAT.htm\">CAT \u2013 Centro de Tecnologia Alternativa no Pa\u00eds de Gales, Reino Unido<\/a><br \/>\n<a href=\"https:\/\/www.inforse.org\/europe\/success\/SU_Folkecenter.htm\">FOLKECENTER \u2013 Folkecenter N\u00f3rdico para Energias Renov\u00e1veis na Dinamarca<\/a><br \/>\n<a href=\"https:\/\/www.inforse.org\/europe\/success\/SU_academy.htm\">Nemeth Laszlo Folk Academy na Hungria (fechada)<\/a><br \/>\n<a href=\"https:\/\/www.inforse.org\/europe\/success\/SU_Samsoe.htm\">Academia de Energia de Sams\u00f8, Dinamarca<\/a><br \/>\n<a href=\"https:\/\/www.inforse.org\/europe\/success\/SU_Deister.htm\">Centro de Energia e Meio Ambiente Deister, Alemanha<\/a><\/p>\n<p>Centros de sucesso semelhantes, que se concentram principalmente na jardinagem org\u00e2nica e em alguns aspectos das constru\u00e7\u00f5es ambientais, s\u00e3o:<\/p>\n<ul>\n<li><a href=\"https:\/\/www.inforse.org\/europe\/success\/SU_LivingEarth.htm\">Terra Viva, Fran\u00e7a<\/a><\/li>\n<li><a href=\"https:\/\/www.inforse.org\/europe\/success\/SU_littleearth.htm\">Pequena Terra, Holanda<\/a><\/li>\n<\/ul>\n<p><strong>Outros bancos de dados de energia sustent\u00e1vel<\/strong><br \/>\nAs ONG e os organismos oficiais gerem uma s\u00e9rie de bases de dados sobre energia sustent\u00e1vel. Estamos aqui apenas nos referindo a alguns:<br \/>\n\u2013\u00a0<a href=\"https:\/\/calla.ecn.cz\/atlas\/\">Banco de dados Calla<\/a>\u00a0de instala\u00e7\u00f5es de energia renov\u00e1vel na Rep\u00fablica -Tcheca, Bo\u00eamia do Sul, cobrindo centenas de pequenas instala\u00e7\u00f5es de energia renov\u00e1vel, principalmente pequenas hidrel\u00e9tricas, informa\u00e7\u00f5es apenas em idioma tcheco.<br \/>\n\u2013\u00a0<a href=\"https:\/\/managenergy.ec.europa.eu\/index_en\">Base de dados Managenergy<\/a>\u00a0com um n\u00famero em r\u00e1pida expans\u00e3o de casos da Europa.<\/p>\n","protected":false},"excerpt":{"rendered":"<p>Entre as organiza\u00e7\u00f5es membros da INFORSE-Europe existem v\u00e1rias que t\u00eam a fun\u00e7\u00e3o de ser um centro de forma\u00e7\u00e3o para diferentes grupos-alvo: ARTEFACT \u2013 Escola e Centro Solar de sucesso na Alemanha CAT \u2013 Centro de Tecnologia Alternativa no Pa\u00eds de Gales, Reino Unido FOLKECENTER \u2013 Folkecenter N\u00f3rdico para Energias Renov\u00e1veis na Dinamarca Nemeth Laszlo Folk &hellip; <\/p>\n<p class=\"link-more\"><a href=\"https:\/\/inforse.org\/latinamerica\/pt\/centro-de-recursos-2\/\" class=\"more-link\">Continue reading<span class=\"screen-reader-text\"> &#8220;Centro de Recursos&#8221;<\/span><\/a><\/p>\n","protected":false},"author":2,"featured_media":0,"parent":0,"menu_order":0,"comment_status":"closed","ping_status":"closed","template":"","meta":{"footnotes":""},"_links":{"self":[{"href":"https:\/\/inforse.org\/latinamerica\/wp-json\/wp\/v2\/pages\/536"}],"collection":[{"href":"https:\/\/inforse.org\/latinamerica\/wp-json\/wp\/v2\/pages"}],"about":[{"href":"https:\/\/inforse.org\/latinamerica\/wp-json\/wp\/v2\/types\/page"}],"author":[{"embeddable":true,"href":"https:\/\/inforse.org\/latinamerica\/wp-json\/wp\/v2\/users\/2"}],"replies":[{"embeddable":true,"href":"https:\/\/inforse.org\/latinamerica\/wp-json\/wp\/v2\/comments?post=536"}],"version-history":[{"count":3,"href":"https:\/\/inforse.org\/latinamerica\/wp-json\/wp\/v2\/pages\/536\/revisions"}],"predecessor-version":[{"id":1259,"href":"https:\/\/inforse.org\/latinamerica\/wp-json\/wp\/v2\/pages\/536\/revisions\/1259"}],"wp:attachment":[{"href":"https:\/\/inforse.org\/latinamerica\/wp-json\/wp\/v2\/media?parent=536"}],"curies":[{"name":"wp","href":"https:\/\/api.w.org\/{rel}","templated":true}]}}