{"id":507,"date":"2023-11-24T01:56:50","date_gmt":"2023-11-24T04:56:50","guid":{"rendered":"https:\/\/inforse.org\/latinamerica\/?page_id=507"},"modified":"2024-03-19T11:57:56","modified_gmt":"2024-03-19T14:57:56","slug":"inforse-africa-pt","status":"publish","type":"page","link":"https:\/\/inforse.org\/latinamerica\/pt\/inforse-africa-pt\/","title":{"rendered":"INFORSE \u00c1frica"},"content":{"rendered":"<p><a href=\"https:\/\/inforse.org\/africa\/\"><img decoding=\"async\" loading=\"lazy\" class=\"alignnone size-medium wp-image-634\" src=\"https:\/\/inforse.org\/latinamerica\/wp-content\/uploads\/2024\/01\/INFORSE-Africa-logo-300x66.jpg\" alt=\"INFORSE Africa\" width=\"300\" height=\"66\" srcset=\"https:\/\/inforse.org\/latinamerica\/wp-content\/uploads\/2024\/01\/INFORSE-Africa-logo-300x66.jpg 300w, https:\/\/inforse.org\/latinamerica\/wp-content\/uploads\/2024\/01\/INFORSE-Africa-logo-1024x224.jpg 1024w, https:\/\/inforse.org\/latinamerica\/wp-content\/uploads\/2024\/01\/INFORSE-Africa-logo-768x168.jpg 768w, https:\/\/inforse.org\/latinamerica\/wp-content\/uploads\/2024\/01\/INFORSE-Africa-logo.jpg 1142w\" sizes=\"(max-width: 300px) 100vw, 300px\" \/><\/a><\/p>\n<p>INFORSE \u00c1frica &#8211; Link: <a href=\"https:\/\/www.inforse.org\/africa\/\">inforse.org\/africa<\/a><\/p>\n<p>A INFORSE \u00c1frica \u00e9 uma das 7 regi\u00f5es da Rede Internacional para Energia Sustent\u00e1vel (INFORSE). Esta rede global de ONGs foi formada no F\u00f3rum Global do Rio em 1992. A INFORSE tem mais de 140 organiza\u00e7\u00f5es membros em todo o mundo.<\/p>\n<p>A INFORSE trabalha para a implementa\u00e7\u00e3o de solu\u00e7\u00f5es energ\u00e9ticas sustent\u00e1veis atrav\u00e9s da troca de informa\u00e7\u00f5es, da sensibiliza\u00e7\u00e3o, da formula\u00e7\u00e3o e implementa\u00e7\u00e3o de estrat\u00e9gias e do lobbying em f\u00f3runs internacionais. A rede \u00e9 um ponto de encontro para ONG que trabalham a n\u00edvel local, bem como a n\u00edvel nacional, regional e internacional. Todas as organiza\u00e7\u00f5es membros est\u00e3o unidas numa estrat\u00e9gia comum para o desenvolvimento sustent\u00e1vel a longo prazo que elimina gradualmente a utiliza\u00e7\u00e3o de energia nuclear e f\u00f3ssil. A INFORSE promove a promo\u00e7\u00e3o de solu\u00e7\u00f5es energ\u00e9ticas sustent\u00e1veis (energias renov\u00e1veis e efici\u00eancia energ\u00e9tica) que utilizam abordagens descentralizadas. Todas as atividades procuram proteger o ambiente e alcan\u00e7ar o desenvolvimento atrav\u00e9s da redu\u00e7\u00e3o da pobreza.<\/p>\n<p><strong>Atividades da INFORSE \u00c1frica nos \u00faltimos anos:<\/strong><br \/>\n\u2013 Projeto de coopera\u00e7\u00e3o com a ONG \u201cSociedade Civil da \u00c1frica Oriental para Energia Sustent\u00e1vel e A\u00e7\u00e3o Clim\u00e1tica (EASE-CA)\u201d em 2019 \u2013 2022.<br \/>\n\u2013 O projecto de coopera\u00e7\u00e3o de ONG \u201cAcelerar a Implementa\u00e7\u00e3o de Pol\u00edticas Regionais de Energia Limpa na \u00c1frica Ocidental\u201d (ACE-WA) re\u00fane v\u00e1rios membros da INFORSE da \u00c1frica Ocidental em 2016-2018.<br \/>\n\u2013 O projecto de coopera\u00e7\u00e3o de ONG \u201cPromover a Implementa\u00e7\u00e3o do Acordo de Paris na \u00c1frica Oriental\u201d (PIPA) re\u00fane v\u00e1rios membros da INFORSE da \u00c1frica Oriental em 2017-2018.<br \/>\n\u2013 O Projecto de Coopera\u00e7\u00e3o com ONG \u201cPromo\u00e7\u00e3o de estrat\u00e9gias de baixo carbono a favor dos pobres\u201d reuniu v\u00e1rias organiza\u00e7\u00f5es INFORSE e organiza\u00e7\u00f5es CAN em 2014-2016.<br \/>\n\u2013 O Projecto de Capacita\u00e7\u00e3o Vozes do Sul para as Altera\u00e7\u00f5es Clim\u00e1ticas envolveu v\u00e1rios membros da INFORSE em 2011-2014.<\/p>\n<p><strong>Coordenadores regionais:<\/strong><br \/>\n<span style=\"text-decoration: underline;\">INFORSE \u00c1frica Oriental:<\/span><br \/>\nOrganiza\u00e7\u00e3o Tradicional de Desenvolvimento Energ\u00e9tico e Ambiental da Tanz\u00e2nia (TaTEDO), att. Estomih N. Sawe, Mary Swai, Jensen Shuma, Tanz\u00e2nia<\/p>\n<p><span style=\"text-decoration: underline;\">INFORSE \u00c1frica Ocidental:<\/span><br \/>\nEnda-Energie-Environnement-D\u00e9veloppement (Enda), att. Secou Sarr, Djimingue Nanasta, Senegal<\/p>\n<p><strong>A INFORSE \u00c1frica participa nas atividades globais da INFORSE:<\/strong><br \/>\nA INFORSE tem estatuto consultivo junto do ECOSOC das Na\u00e7\u00f5es Unidas e da UNFCCC. Coment\u00e1rios, workshops, declara\u00e7\u00f5es e apresenta\u00e7\u00f5es s\u00e3o preparados para v\u00e1rios eventos ministeriais ou da ONU e seus f\u00f3runs paralelos de ONGs, incluindo confer\u00eancias sobre o clima e cimeiras mundiais.<\/p>\n<p>Encontre mais informa\u00e7\u00f5es no website da<a href=\"https:\/\/inforse.org\/africa\/index.htm\"> INFORSE-\u00c1frica<\/a> e na base de dados de membros <a href=\"https:\/\/inforse.org\/africa\/membership.php3\">aqui<\/a> e na base de dados de contactos <a href=\"https:\/\/inforse.org\/africa\/contactlist.php3\">aqui<\/a>.<\/p>\n<p>Se quiser apoiar o nosso trabalho de sustentabilidade em \u00c1frica, pode fazer a diferen\u00e7a <a href=\"https:\/\/www.inforse.org\/order_form.php3\">aqui<\/a>.<\/p>\n<p><a href=\"https:\/\/www.facebook.com\/eastinforse\/\"><img decoding=\"async\" loading=\"lazy\" class=\"alignnone wp-image-1178\" src=\"https:\/\/inforse.org\/latinamerica\/wp-content\/uploads\/2024\/03\/Facebook_icon.svg_-300x300.png\" alt=\"\" width=\"41\" height=\"41\" srcset=\"https:\/\/inforse.org\/latinamerica\/wp-content\/uploads\/2024\/03\/Facebook_icon.svg_-300x300.png 300w, https:\/\/inforse.org\/latinamerica\/wp-content\/uploads\/2024\/03\/Facebook_icon.svg_-1024x1024.png 1024w, https:\/\/inforse.org\/latinamerica\/wp-content\/uploads\/2024\/03\/Facebook_icon.svg_-150x150.png 150w, https:\/\/inforse.org\/latinamerica\/wp-content\/uploads\/2024\/03\/Facebook_icon.svg_-768x768.png 768w, https:\/\/inforse.org\/latinamerica\/wp-content\/uploads\/2024\/03\/Facebook_icon.svg_-1536x1536.png 1536w, https:\/\/inforse.org\/latinamerica\/wp-content\/uploads\/2024\/03\/Facebook_icon.svg_-100x100.png 100w, https:\/\/inforse.org\/latinamerica\/wp-content\/uploads\/2024\/03\/Facebook_icon.svg_.png 2048w\" sizes=\"(max-width: 41px) 100vw, 41px\" \/><\/a> <a href=\"https:\/\/twitter.com\/eastINFORSE\"><img decoding=\"async\" loading=\"lazy\" class=\"alignnone wp-image-1180\" src=\"https:\/\/inforse.org\/latinamerica\/wp-content\/uploads\/2024\/03\/twitter_x_new_logo_x_rounded_icon_256078-300x219.png\" alt=\"\" width=\"55\" height=\"40\" srcset=\"https:\/\/inforse.org\/latinamerica\/wp-content\/uploads\/2024\/03\/twitter_x_new_logo_x_rounded_icon_256078-300x219.png 300w, https:\/\/inforse.org\/latinamerica\/wp-content\/uploads\/2024\/03\/twitter_x_new_logo_x_rounded_icon_256078.png 512w\" sizes=\"(max-width: 55px) 100vw, 55px\" \/><\/a><\/p>\n","protected":false},"excerpt":{"rendered":"<p>INFORSE \u00c1frica &#8211; Link: inforse.org\/africa A INFORSE \u00c1frica \u00e9 uma das 7 regi\u00f5es da Rede Internacional para Energia Sustent\u00e1vel (INFORSE). Esta rede global de ONGs foi formada no F\u00f3rum Global do Rio em 1992. A INFORSE tem mais de 140 organiza\u00e7\u00f5es membros em todo o mundo. A INFORSE trabalha para a implementa\u00e7\u00e3o de solu\u00e7\u00f5es energ\u00e9ticas &hellip; <\/p>\n<p class=\"link-more\"><a href=\"https:\/\/inforse.org\/latinamerica\/pt\/inforse-africa-pt\/\" class=\"more-link\">Continue reading<span class=\"screen-reader-text\"> &#8220;INFORSE \u00c1frica&#8221;<\/span><\/a><\/p>\n","protected":false},"author":2,"featured_media":0,"parent":0,"menu_order":0,"comment_status":"closed","ping_status":"closed","template":"","meta":{"footnotes":""},"_links":{"self":[{"href":"https:\/\/inforse.org\/latinamerica\/wp-json\/wp\/v2\/pages\/507"}],"collection":[{"href":"https:\/\/inforse.org\/latinamerica\/wp-json\/wp\/v2\/pages"}],"about":[{"href":"https:\/\/inforse.org\/latinamerica\/wp-json\/wp\/v2\/types\/page"}],"author":[{"embeddable":true,"href":"https:\/\/inforse.org\/latinamerica\/wp-json\/wp\/v2\/users\/2"}],"replies":[{"embeddable":true,"href":"https:\/\/inforse.org\/latinamerica\/wp-json\/wp\/v2\/comments?post=507"}],"version-history":[{"count":9,"href":"https:\/\/inforse.org\/latinamerica\/wp-json\/wp\/v2\/pages\/507\/revisions"}],"predecessor-version":[{"id":1205,"href":"https:\/\/inforse.org\/latinamerica\/wp-json\/wp\/v2\/pages\/507\/revisions\/1205"}],"wp:attachment":[{"href":"https:\/\/inforse.org\/latinamerica\/wp-json\/wp\/v2\/media?parent=507"}],"curies":[{"name":"wp","href":"https:\/\/api.w.org\/{rel}","templated":true}]}}