{"id":505,"date":"2023-11-24T01:56:19","date_gmt":"2023-11-24T04:56:19","guid":{"rendered":"https:\/\/inforse.org\/latinamerica\/?page_id=505"},"modified":"2024-03-19T11:33:56","modified_gmt":"2024-03-19T14:33:56","slug":"inforse-global-pt","status":"publish","type":"page","link":"https:\/\/inforse.org\/latinamerica\/pt\/inforse-global-pt\/","title":{"rendered":"INFORSE Global"},"content":{"rendered":"<p><img decoding=\"async\" loading=\"lazy\" class=\"alignnone wp-image-627\" src=\"https:\/\/inforse.org\/latinamerica\/wp-content\/uploads\/2024\/01\/INFORSE-logo-297x300.png\" alt=\"\" width=\"200\" height=\"202\" srcset=\"https:\/\/inforse.org\/latinamerica\/wp-content\/uploads\/2024\/01\/INFORSE-logo-297x300.png 297w, https:\/\/inforse.org\/latinamerica\/wp-content\/uploads\/2024\/01\/INFORSE-logo-100x100.png 100w, https:\/\/inforse.org\/latinamerica\/wp-content\/uploads\/2024\/01\/INFORSE-logo.png 576w\" sizes=\"(max-width: 200px) 100vw, 200px\" \/><\/p>\n<p>Link INFORSE Global:\u00a0 <a href=\"https:\/\/inforse.org\/\">INFORSE.ORG<\/a><\/p>\n<p><strong>Influenciando a Agenda Global:<\/strong><\/p>\n<p>A INFORSE participa em eventos da ONU e nos seus f\u00f3runs paralelos de ONG, tais como confer\u00eancias da Conven\u00e7\u00e3o das Na\u00e7\u00f5es Unidas sobre Altera\u00e7\u00f5es Clim\u00e1ticas e no seguimento da Confer\u00eancia do Rio &#8220;Cimeira da Terra&#8221; de 1992.<\/p>\n<p><strong>Estrutura:<\/strong> A INFORSE est\u00e1 organizada em torno de coordenadores regionais, que trabalham para facilitar a coopera\u00e7\u00e3o entre as organiza\u00e7\u00f5es membros. Na INFORSE Europe, os membros elegem os coordenadores e um Conselho de cinco pessoas nas Assembleias Gerais.<\/p>\n<p><strong>Lista de contatos:<\/strong> mais de 1.000 contatos de ONGs, institutos de pesquisa e educa\u00e7\u00e3o e tomadores de decis\u00e3o. A base de dados pode ser pesquisada de acordo com os membros, contactos ou nome das organiza\u00e7\u00f5es e pa\u00edses. Encontre a lista de contatos <a href=\"https:\/\/inforse.org\/regions.php3\">aqui<\/a>.<\/p>\n<p><strong>Eventos:<\/strong> A INFORSE tamb\u00e9m organiza semin\u00e1rios de ONGs em n\u00edvel internacional e confer\u00eancias da UNFCCC e dos ODS da ONU.<\/p>\n<p><strong>Projetos de coopera\u00e7\u00e3o:<\/strong> Os membros cooperam em projetos, publica\u00e7\u00f5es, visitas de estudo e campanhas.<\/p>\n<p><strong>Anivers\u00e1rios:<\/strong><br \/>\nA INFORSE completou 30 anos em 2022. Veja tamb\u00e9m a edi\u00e7\u00e3o do anivers\u00e1rio de 30 anos da Sustainable Energy News <a href=\"https:\/\/www.inforse.org\/doc\/SEN86.pdf\">aqui<\/a>.<\/p>\n<p>A INFORSE completou 25 anos em 2017, a INFORSE-Europe celebrou o anivers\u00e1rio de 25 anos num semin\u00e1rio no Nordic Folkecenter for Renewable Energy. Veja tamb\u00e9m a edi\u00e7\u00e3o do anivers\u00e1rio de 25 anos da Sustainable Energy News <a href=\"https:\/\/inforse.org\/europe\/pdfs\/SEN_81.pdf\">aqui<\/a>.<\/p>\n<p>A INFORSE completou 15 anos em 2007. A INFORSE-Europe celebrou o anivers\u00e1rio de 15 anos num semin\u00e1rio na ilha dinamarquesa de energias renov\u00e1veis, Sams\u00f8. Veja tamb\u00e9m a edi\u00e7\u00e3o do anivers\u00e1rio de 15 anos da Sustainable Energy News <a href=\"https:\/\/inforse.org\/europe\/pdfs\/SEN58-15year_theme_2007.pdf\">aqui<\/a>.<\/p>\n<p><a href=\"https:\/\/www.facebook.com\/INFORSE\"><img decoding=\"async\" loading=\"lazy\" class=\"alignnone wp-image-1195\" src=\"https:\/\/inforse.org\/latinamerica\/wp-content\/uploads\/2024\/03\/Facebook_icon.svg_-3-300x300.png\" alt=\"\" width=\"56\" height=\"56\" srcset=\"https:\/\/inforse.org\/latinamerica\/wp-content\/uploads\/2024\/03\/Facebook_icon.svg_-3-300x300.png 300w, https:\/\/inforse.org\/latinamerica\/wp-content\/uploads\/2024\/03\/Facebook_icon.svg_-3-1024x1024.png 1024w, https:\/\/inforse.org\/latinamerica\/wp-content\/uploads\/2024\/03\/Facebook_icon.svg_-3-150x150.png 150w, https:\/\/inforse.org\/latinamerica\/wp-content\/uploads\/2024\/03\/Facebook_icon.svg_-3-768x768.png 768w, https:\/\/inforse.org\/latinamerica\/wp-content\/uploads\/2024\/03\/Facebook_icon.svg_-3-1536x1536.png 1536w, https:\/\/inforse.org\/latinamerica\/wp-content\/uploads\/2024\/03\/Facebook_icon.svg_-3-100x100.png 100w, https:\/\/inforse.org\/latinamerica\/wp-content\/uploads\/2024\/03\/Facebook_icon.svg_-3.png 2048w\" sizes=\"(max-width: 56px) 100vw, 56px\" \/><\/a> <a href=\"https:\/\/twitter.com\/INFORSE_ORG\"><img decoding=\"async\" loading=\"lazy\" class=\"alignnone wp-image-1180\" src=\"https:\/\/inforse.org\/latinamerica\/wp-content\/uploads\/2024\/03\/twitter_x_new_logo_x_rounded_icon_256078-300x219.png\" alt=\"\" width=\"75\" height=\"55\" srcset=\"https:\/\/inforse.org\/latinamerica\/wp-content\/uploads\/2024\/03\/twitter_x_new_logo_x_rounded_icon_256078-300x219.png 300w, https:\/\/inforse.org\/latinamerica\/wp-content\/uploads\/2024\/03\/twitter_x_new_logo_x_rounded_icon_256078.png 512w\" sizes=\"(max-width: 75px) 100vw, 75px\" \/><\/a><\/p>\n","protected":false},"excerpt":{"rendered":"<p>Link INFORSE Global:\u00a0 INFORSE.ORG Influenciando a Agenda Global: A INFORSE participa em eventos da ONU e nos seus f\u00f3runs paralelos de ONG, tais como confer\u00eancias da Conven\u00e7\u00e3o das Na\u00e7\u00f5es Unidas sobre Altera\u00e7\u00f5es Clim\u00e1ticas e no seguimento da Confer\u00eancia do Rio &#8220;Cimeira da Terra&#8221; de 1992. Estrutura: A INFORSE est\u00e1 organizada em torno de coordenadores regionais, &hellip; <\/p>\n<p class=\"link-more\"><a href=\"https:\/\/inforse.org\/latinamerica\/pt\/inforse-global-pt\/\" class=\"more-link\">Continue reading<span class=\"screen-reader-text\"> &#8220;INFORSE Global&#8221;<\/span><\/a><\/p>\n","protected":false},"author":2,"featured_media":0,"parent":0,"menu_order":0,"comment_status":"closed","ping_status":"closed","template":"","meta":{"footnotes":""},"_links":{"self":[{"href":"https:\/\/inforse.org\/latinamerica\/wp-json\/wp\/v2\/pages\/505"}],"collection":[{"href":"https:\/\/inforse.org\/latinamerica\/wp-json\/wp\/v2\/pages"}],"about":[{"href":"https:\/\/inforse.org\/latinamerica\/wp-json\/wp\/v2\/types\/page"}],"author":[{"embeddable":true,"href":"https:\/\/inforse.org\/latinamerica\/wp-json\/wp\/v2\/users\/2"}],"replies":[{"embeddable":true,"href":"https:\/\/inforse.org\/latinamerica\/wp-json\/wp\/v2\/comments?post=505"}],"version-history":[{"count":11,"href":"https:\/\/inforse.org\/latinamerica\/wp-json\/wp\/v2\/pages\/505\/revisions"}],"predecessor-version":[{"id":1209,"href":"https:\/\/inforse.org\/latinamerica\/wp-json\/wp\/v2\/pages\/505\/revisions\/1209"}],"wp:attachment":[{"href":"https:\/\/inforse.org\/latinamerica\/wp-json\/wp\/v2\/media?parent=505"}],"curies":[{"name":"wp","href":"https:\/\/api.w.org\/{rel}","templated":true}]}}

<p><img decoding="async" loading="lazy" class="alignnone wp-image-627" src="https://inforse.org/latinamerica/wp-content/uploads/2024/01/INFORSE-logo-297x300.png" alt="" width="200" height="202" srcset="https://inforse.org/latinamerica/wp-content/uploads/2024/01/INFORSE-logo-297x300.png 297w, https://inforse.org/latinamerica/wp-content/uploads/2024/01/INFORSE-logo-100x100.png 100w, https://inforse.org/latinamerica/wp-content/uploads/2024/01/INFORSE-logo.png 576w" sizes="(max-width: 200px) 100vw, 200px" /></p>
<p>Link INFORSE Global:  <a href="https://inforse.org/">INFORSE.ORG</a></p>
<p><strong>Influenciando a Agenda Global:</strong></p>
<p>A INFORSE participa em eventos da ONU e nos seus fóruns paralelos de ONG, tais como conferências da Convenção das Nações Unidas sobre Alterações Climáticas e no seguimento da Conferência do Rio &#8220;Cimeira da Terra&#8221; de 1992.</p>
<p><strong>Estrutura:</strong> A INFORSE está organizada em torno de coordenadores regionais, que trabalham para facilitar a cooperação entre as organizações membros. Na INFORSE Europe, os membros elegem os coordenadores e um Conselho de cinco pessoas nas Assembleias Gerais.</p>
<p><strong>Lista de contatos:</strong> mais de 1.000 contatos de ONGs, institutos de pesquisa e educação e tomadores de decisão. A base de dados pode ser pesquisada de acordo com os membros, contactos ou nome das organizações e países. Encontre a lista de contatos <a href="https://inforse.org/regions.php3">aqui</a>.</p>
<p><strong>Eventos:</strong> A INFORSE também organiza seminários de ONGs em nível internacional e conferências da UNFCCC e dos ODS da ONU.</p>
<p><strong>Projetos de cooperação:</strong> Os membros cooperam em projetos, publicações, visitas de estudo e campanhas.</p>
<p><strong>Aniversários:</strong><br />
A INFORSE completou 30 anos em 2022. Veja também a edição do aniversário de 30 anos da Sustainable Energy News <a href="https://www.inforse.org/doc/SEN86.pdf">aqui</a>.</p>
<p>A INFORSE completou 25 anos em 2017, a INFORSE-Europe celebrou o aniversário de 25 anos num seminário no Nordic Folkecenter for Renewable Energy. Veja também a edição do aniversário de 25 anos da Sustainable Energy News <a href="https://inforse.org/europe/pdfs/SEN_81.pdf">aqui</a>.</p>
<p>A INFORSE completou 15 anos em 2007. A INFORSE-Europe celebrou o aniversário de 15 anos num seminário na ilha dinamarquesa de energias renováveis, Samsø. Veja também a edição do aniversário de 15 anos da Sustainable Energy News <a href="https://inforse.org/europe/pdfs/SEN58-15year_theme_2007.pdf">aqui</a>.</p>
<p><a href="https://www.facebook.com/INFORSE"><img decoding="async" loading="lazy" class="alignnone wp-image-1195" src="https://inforse.org/latinamerica/wp-content/uploads/2024/03/Facebook_icon.svg_-3-300x300.png" alt="" width="56" height="56" srcset="https://inforse.org/latinamerica/wp-content/uploads/2024/03/Facebook_icon.svg_-3-300x300.png 300w, https://inforse.org/latinamerica/wp-content/uploads/2024/03/Facebook_icon.svg_-3-1024x1024.png 1024w, https://inforse.org/latinamerica/wp-content/uploads/2024/03/Facebook_icon.svg_-3-150x150.png 150w, https://inforse.org/latinamerica/wp-content/uploads/2024/03/Facebook_icon.svg_-3-768x768.png 768w, https://inforse.org/latinamerica/wp-content/uploads/2024/03/Facebook_icon.svg_-3-1536x1536.png 1536w, https://inforse.org/latinamerica/wp-content/uploads/2024/03/Facebook_icon.svg_-3-100x100.png 100w, https://inforse.org/latinamerica/wp-content/uploads/2024/03/Facebook_icon.svg_-3.png 2048w" sizes="(max-width: 56px) 100vw, 56px" /></a> <a href="https://twitter.com/INFORSE_ORG"><img decoding="async" loading="lazy" class="alignnone wp-image-1180" src="https://inforse.org/latinamerica/wp-content/uploads/2024/03/twitter_x_new_logo_x_rounded_icon_256078-300x219.png" alt="" width="75" height="55" srcset="https://inforse.org/latinamerica/wp-content/uploads/2024/03/twitter_x_new_logo_x_rounded_icon_256078-300x219.png 300w, https://inforse.org/latinamerica/wp-content/uploads/2024/03/twitter_x_new_logo_x_rounded_icon_256078.png 512w" sizes="(max-width: 75px) 100vw, 75px" /></a></p>

<p>Link INFORSE Global:  INFORSE.ORG Influenciando a Agenda Global: A INFORSE participa em eventos da ONU e nos seus fóruns paralelos de ONG, tais como conferências da Convenção das Nações Unidas sobre Alterações Climáticas e no seguimento da Conferência do Rio &#8220;Cimeira da Terra&#8221; de 1992. Estrutura: A INFORSE está organizada em torno de coordenadores regionais, &hellip; </p>
<p class="link-more"><a href="https://inforse.org/latinamerica/pt/inforse-global-pt/" class="more-link">Continue reading<span class="screen-reader-text"> &#8220;INFORSE Global&#8221;</span></a></p>
