{"id":483,"date":"2023-11-24T01:46:09","date_gmt":"2023-11-24T04:46:09","guid":{"rendered":"https:\/\/inforse.org\/latinamerica\/?page_id=483"},"modified":"2024-02-10T09:02:14","modified_gmt":"2024-02-10T12:02:14","slug":"projeto-de-solucoes-climaticas-locais","status":"publish","type":"page","link":"https:\/\/inforse.org\/latinamerica\/pt\/projeto-de-solucoes-climaticas-locais\/","title":{"rendered":"Solu\u00e7\u00f5es Clim\u00e1ticas Locais"},"content":{"rendered":"<p><strong>Porqu\u00ea considerar solu\u00e7\u00f5es locais no \u00e2mbito da transi\u00e7\u00e3o energ\u00e9tica e da luta contra as altera\u00e7\u00f5es clim\u00e1ticas?<\/strong><\/p>\n<p>Solu\u00e7\u00f5es clim\u00e1ticas locais na COP 21- Paris<br \/>\nGunnar Boye Olesen, coordenador, INFORSE-Europa<br \/>\nRaymond M. Myles, Coordenador, INFORSE-Sul da \u00c1sia<\/p>\n<p>Os l\u00edderes mundiais reunidos em Paris na COP21 t\u00eam uma oportunidade \u00fanica de se comprometerem significativamente a limitar o aquecimento a 1,5 \u2013 2\u00b0C. As verdadeiras mudan\u00e7as, no entanto, n\u00e3o acontecer\u00e3o em Paris, mas em todo o mundo, como a redu\u00e7\u00e3o das nossas emiss\u00f5es de gases com efeito de estufa.<br \/>\nTemos de encontrar uma forma de reduzir as nossas emiss\u00f5es at\u00e9 um ponto que possa limitar as altera\u00e7\u00f5es clim\u00e1ticas a n\u00edveis sustent\u00e1veis \u200b\u200be de sobreviv\u00eancia. Ao faz\u00ea-lo, tamb\u00e9m nos libertamos do sistema de combust\u00edveis f\u00f3sseis, atrav\u00e9s do qual esgotamos os limitados recursos subterr\u00e2neos e polu\u00edmos o ar que respiramos, ao mesmo tempo que destru\u00edmos os sistemas naturais que mant\u00eam as temperaturas e sustentam a vida na Terra.<br \/>\nFelizmente, quando combinadas com a conserva\u00e7\u00e3o de energia, as energias renov\u00e1veis \u200b\u200bpodem satisfazer as nossas necessidades de uma forma limpa e acess\u00edvel.<br \/>\nMostramos como isso pode ser feito com uma s\u00e9rie de exemplos da rede INFORSE, e n\u00e3o somos os \u00fanicos a apontar o caminho.<br \/>\nAs ONG em \u00c1frica e no Sul da \u00c1sia est\u00e3o a promover elementos-chave do desenvolvimento de baixo carbono, escolhendo energias renov\u00e1veis \u200b\u200be eficientes que sejam mais adequadas para o desenvolvimento dos seus pa\u00edses e regi\u00f5es. Tamb\u00e9m mostramos como os desenvolvimentos locais de eco-aldeias no Sul da \u00c1sia podem ser usados, combinando uma gama de solu\u00e7\u00f5es para fornecer oportunidades de energia e de rendimento para reduzir<br \/>\npobreza. A estas propostas orientadas para o desenvolvimento para \u00c1frica e o Sul da \u00c1sia devem ser acrescentadas transi\u00e7\u00f5es r\u00e1pidas para energias renov\u00e1veis \u200b\u200ba partir de pa\u00edses do Norte com elevadas emiss\u00f5es. Apresent\u00e1mos propostas precisamente nesse sentido para o Reino Unido, a Dinamarca e outros pa\u00edses, propostas que poderiam transformar estas economias com elevado teor de carbono em economias com emiss\u00f5es baixas ou nulas.<br \/>\nEmbora as decis\u00f5es tomadas na COP21 em Paris afectem os quadros de ac\u00e7\u00e3o com financiamento, expectativas pol\u00edticas, etc., as mudan\u00e7as reais ocorreram e ocorrer\u00e3o nos territ\u00f3rios. Para hacer las diferencias que necesarias para mantener un clima habitable, reducir la pobreza, etc., el acuerdo de Par\u00eds deben ir seguido de acuerdos ambiciosos y de una implementaci\u00f3n nacional efectiva de la pol\u00edtica de bajas emisiones de carbono, como parte de una agenda de energia renov\u00e1vel.<br \/>\nAs a\u00e7\u00f5es locais no seguimento das pol\u00edticas nacionais devem ser ainda mais ambiciosas do que as pol\u00edticas nacionais. Eles devem liderar o caminho. \u00c9 a\u00ed que reside a esperan\u00e7a de que possamos estabilizar o clima e alcan\u00e7ar energia sustent\u00e1vel para todos durante a nossa vida.<\/p>\n<p>Fonte e mais informa\u00e7\u00f5es:<br \/>\nhttps:\/\/www.inforse.org\/doc\/SEN77.pdf<\/p>\n","protected":false},"excerpt":{"rendered":"<p>Porqu\u00ea considerar solu\u00e7\u00f5es locais no \u00e2mbito da transi\u00e7\u00e3o energ\u00e9tica e da luta contra as altera\u00e7\u00f5es clim\u00e1ticas? Solu\u00e7\u00f5es clim\u00e1ticas locais na COP 21- Paris Gunnar Boye Olesen, coordenador, INFORSE-Europa Raymond M. Myles, Coordenador, INFORSE-Sul da \u00c1sia Os l\u00edderes mundiais reunidos em Paris na COP21 t\u00eam uma oportunidade \u00fanica de se comprometerem significativamente a limitar o aquecimento &hellip; <\/p>\n<p class=\"link-more\"><a href=\"https:\/\/inforse.org\/latinamerica\/pt\/projeto-de-solucoes-climaticas-locais\/\" class=\"more-link\">Continue reading<span class=\"screen-reader-text\"> &#8220;Solu\u00e7\u00f5es Clim\u00e1ticas Locais&#8221;<\/span><\/a><\/p>\n","protected":false},"author":2,"featured_media":561,"parent":0,"menu_order":0,"comment_status":"closed","ping_status":"closed","template":"","meta":{"footnotes":""},"_links":{"self":[{"href":"https:\/\/inforse.org\/latinamerica\/wp-json\/wp\/v2\/pages\/483"}],"collection":[{"href":"https:\/\/inforse.org\/latinamerica\/wp-json\/wp\/v2\/pages"}],"about":[{"href":"https:\/\/inforse.org\/latinamerica\/wp-json\/wp\/v2\/types\/page"}],"author":[{"embeddable":true,"href":"https:\/\/inforse.org\/latinamerica\/wp-json\/wp\/v2\/users\/2"}],"replies":[{"embeddable":true,"href":"https:\/\/inforse.org\/latinamerica\/wp-json\/wp\/v2\/comments?post=483"}],"version-history":[{"count":4,"href":"https:\/\/inforse.org\/latinamerica\/wp-json\/wp\/v2\/pages\/483\/revisions"}],"predecessor-version":[{"id":701,"href":"https:\/\/inforse.org\/latinamerica\/wp-json\/wp\/v2\/pages\/483\/revisions\/701"}],"wp:featuredmedia":[{"embeddable":true,"href":"https:\/\/inforse.org\/latinamerica\/wp-json\/wp\/v2\/media\/561"}],"wp:attachment":[{"href":"https:\/\/inforse.org\/latinamerica\/wp-json\/wp\/v2\/media?parent=483"}],"curies":[{"name":"wp","href":"https:\/\/api.w.org\/{rel}","templated":true}]}}

Soluções Climáticas Locais

<p><strong>Porquê considerar soluções locais no âmbito da transição energética e da luta contra as alterações climáticas?</strong></p>
<p>Soluções climáticas locais na COP 21- Paris<br />
Gunnar Boye Olesen, coordenador, INFORSE-Europa<br />
Raymond M. Myles, Coordenador, INFORSE-Sul da Ásia</p>
<p>Os líderes mundiais reunidos em Paris na COP21 têm uma oportunidade única de se comprometerem significativamente a limitar o aquecimento a 1,5 – 2°C. As verdadeiras mudanças, no entanto, não acontecerão em Paris, mas em todo o mundo, como a redução das nossas emissões de gases com efeito de estufa.<br />
Temos de encontrar uma forma de reduzir as nossas emissões até um ponto que possa limitar as alterações climáticas a níveis sustentáveis ​​e de sobrevivência. Ao fazê-lo, também nos libertamos do sistema de combustíveis fósseis, através do qual esgotamos os limitados recursos subterrâneos e poluímos o ar que respiramos, ao mesmo tempo que destruímos os sistemas naturais que mantêm as temperaturas e sustentam a vida na Terra.<br />
Felizmente, quando combinadas com a conservação de energia, as energias renováveis ​​podem satisfazer as nossas necessidades de uma forma limpa e acessível.<br />
Mostramos como isso pode ser feito com uma série de exemplos da rede INFORSE, e não somos os únicos a apontar o caminho.<br />
As ONG em África e no Sul da Ásia estão a promover elementos-chave do desenvolvimento de baixo carbono, escolhendo energias renováveis ​​e eficientes que sejam mais adequadas para o desenvolvimento dos seus países e regiões. Também mostramos como os desenvolvimentos locais de eco-aldeias no Sul da Ásia podem ser usados, combinando uma gama de soluções para fornecer oportunidades de energia e de rendimento para reduzir<br />
pobreza. A estas propostas orientadas para o desenvolvimento para África e o Sul da Ásia devem ser acrescentadas transições rápidas para energias renováveis ​​a partir de países do Norte com elevadas emissões. Apresentámos propostas precisamente nesse sentido para o Reino Unido, a Dinamarca e outros países, propostas que poderiam transformar estas economias com elevado teor de carbono em economias com emissões baixas ou nulas.<br />
Embora as decisões tomadas na COP21 em Paris afectem os quadros de acção com financiamento, expectativas políticas, etc., as mudanças reais ocorreram e ocorrerão nos territórios. Para hacer las diferencias que necesarias para mantener un clima habitable, reducir la pobreza, etc., el acuerdo de París deben ir seguido de acuerdos ambiciosos y de una implementación nacional efectiva de la política de bajas emisiones de carbono, como parte de una agenda de energia renovável.<br />
As ações locais no seguimento das políticas nacionais devem ser ainda mais ambiciosas do que as políticas nacionais. Eles devem liderar o caminho. É aí que reside a esperança de que possamos estabilizar o clima e alcançar energia sustentável para todos durante a nossa vida.</p>
<p>Fonte e mais informações:<br />
https://www.inforse.org/doc/SEN77.pdf</p>

<p>Porquê considerar soluções locais no âmbito da transição energética e da luta contra as alterações climáticas? Soluções climáticas locais na COP 21- Paris Gunnar Boye Olesen, coordenador, INFORSE-Europa Raymond M. Myles, Coordenador, INFORSE-Sul da Ásia Os líderes mundiais reunidos em Paris na COP21 têm uma oportunidade única de se comprometerem significativamente a limitar o aquecimento &hellip; </p>
<p class="link-more"><a href="https://inforse.org/latinamerica/pt/projeto-de-solucoes-climaticas-locais/" class="more-link">Continue reading<span class="screen-reader-text"> &#8220;Soluções Climáticas Locais&#8221;</span></a></p>
