{"id":478,"date":"2023-11-24T01:44:23","date_gmt":"2023-11-24T04:44:23","guid":{"rendered":"https:\/\/inforse.org\/latinamerica\/?page_id=478"},"modified":"2024-03-14T10:57:15","modified_gmt":"2024-03-14T13:57:15","slug":"apresentacao-inforse","status":"publish","type":"page","link":"https:\/\/inforse.org\/latinamerica\/pt\/apresentacao-inforse\/","title":{"rendered":"Apresenta\u00e7\u00e3o INFORSE"},"content":{"rendered":"<p>A INFORSE \u00e9 uma rede global composta por 140 organiza\u00e7\u00f5es n\u00e3o governamentais que trabalham em cerca de 60 pa\u00edses para promover a energia sustent\u00e1vel e o desenvolvimento social.<br \/>\nA Rede foi criada no Rio de Janeiro em 1992 para garantir o monitoramento das pol\u00edticas adotadas na Confer\u00eancia das Na\u00e7\u00f5es Unidas sobre Meio Ambiente e Desenvolvimento (UNCED).<br \/>\nA INFORSE participa ativamente na sensibiliza\u00e7\u00e3o internacional. A INFORSE acompanha e influencia quest\u00f5es de energia sustent\u00e1vel nas negocia\u00e7\u00f5es internacionais e \u00e9 credenciada no Conselho Econ\u00f3mico e Social das Na\u00e7\u00f5es Unidas (ECOSOC) desde 1998 e na Conven\u00e7\u00e3o-Quadro das Na\u00e7\u00f5es Unidas sobre Altera\u00e7\u00f5es Clim\u00e1ticas (UNFCCC) desde 2002.<\/p>\n<p>Como observador, a INFORSE participou em confer\u00eancias da ONU. A INFORSE tamb\u00e9m organizou eventos paralelos e exposi\u00e7\u00f5es em muitas destas confer\u00eancias.<\/p>\n<p>Vis\u00e3o<br \/>\nUm mundo onde os servi\u00e7os energ\u00e9ticos necess\u00e1rios para um desenvolvimento justo e centrado no ser humano sejam fornecidos de forma sustent\u00e1vel, utilizando energias renov\u00e1veis.<\/p>\n<p>Miss\u00e3o<br \/>\nA INFORSE \u00e9 uma rede global de organiza\u00e7\u00f5es n\u00e3o governamentais independentes que trabalham em prol de solu\u00e7\u00f5es energ\u00e9ticas sustent\u00e1veis \u200b\u200bpara reduzir a pobreza e proteger o ambiente.<\/p>\n<p>Metas<br \/>\n\u2013 Conscientizar e promover<br \/>\n\u2013 Desenvolver capacidades a n\u00edvel local, nacional e internacional<br \/>\n\u2013 Trabalhar pela reforma institucional<br \/>\n\u2013 Apoiar pesquisa e desenvolvimento<\/p>\n<p>A vers\u00e3o ampliada pode ser vista em nossa CARTA DE APRESENTA\u00c7\u00c3O abaixo: <a href=\"https:\/\/inforse.org\/latinamerica\/wp-content\/uploads\/2023\/11\/CARTA-BASE-INFORSE-PORTUGUES.docx\">CARTA BASE INFORSE PORTUGUES<\/a><\/p>\n<p>encontre-nos no <a href=\"https:\/\/www.facebook.com\/INFORSE\/?locale=da_DK\">Facebook<\/a> e no <a href=\"https:\/\/twitter.com\/INFORSE_org\">X<\/a><\/p>\n","protected":false},"excerpt":{"rendered":"<p>A INFORSE \u00e9 uma rede global composta por 140 organiza\u00e7\u00f5es n\u00e3o governamentais que trabalham em cerca de 60 pa\u00edses para promover a energia sustent\u00e1vel e o desenvolvimento social. A Rede foi criada no Rio de Janeiro em 1992 para garantir o monitoramento das pol\u00edticas adotadas na Confer\u00eancia das Na\u00e7\u00f5es Unidas sobre Meio Ambiente e Desenvolvimento &hellip; <\/p>\n<p class=\"link-more\"><a href=\"https:\/\/inforse.org\/latinamerica\/pt\/apresentacao-inforse\/\" class=\"more-link\">Continue reading<span class=\"screen-reader-text\"> &#8220;Apresenta\u00e7\u00e3o INFORSE&#8221;<\/span><\/a><\/p>\n","protected":false},"author":2,"featured_media":0,"parent":0,"menu_order":0,"comment_status":"closed","ping_status":"closed","template":"","meta":{"footnotes":""},"_links":{"self":[{"href":"https:\/\/inforse.org\/latinamerica\/wp-json\/wp\/v2\/pages\/478"}],"collection":[{"href":"https:\/\/inforse.org\/latinamerica\/wp-json\/wp\/v2\/pages"}],"about":[{"href":"https:\/\/inforse.org\/latinamerica\/wp-json\/wp\/v2\/types\/page"}],"author":[{"embeddable":true,"href":"https:\/\/inforse.org\/latinamerica\/wp-json\/wp\/v2\/users\/2"}],"replies":[{"embeddable":true,"href":"https:\/\/inforse.org\/latinamerica\/wp-json\/wp\/v2\/comments?post=478"}],"version-history":[{"count":5,"href":"https:\/\/inforse.org\/latinamerica\/wp-json\/wp\/v2\/pages\/478\/revisions"}],"predecessor-version":[{"id":1038,"href":"https:\/\/inforse.org\/latinamerica\/wp-json\/wp\/v2\/pages\/478\/revisions\/1038"}],"wp:attachment":[{"href":"https:\/\/inforse.org\/latinamerica\/wp-json\/wp\/v2\/media?parent=478"}],"curies":[{"name":"wp","href":"https:\/\/api.w.org\/{rel}","templated":true}]}}

Apresentação INFORSE

<p>A INFORSE é uma rede global composta por 140 organizações não governamentais que trabalham em cerca de 60 países para promover a energia sustentável e o desenvolvimento social.<br />
A Rede foi criada no Rio de Janeiro em 1992 para garantir o monitoramento das políticas adotadas na Conferência das Nações Unidas sobre Meio Ambiente e Desenvolvimento (UNCED).<br />
A INFORSE participa ativamente na sensibilização internacional. A INFORSE acompanha e influencia questões de energia sustentável nas negociações internacionais e é credenciada no Conselho Económico e Social das Nações Unidas (ECOSOC) desde 1998 e na Convenção-Quadro das Nações Unidas sobre Alterações Climáticas (UNFCCC) desde 2002.</p>
<p>Como observador, a INFORSE participou em conferências da ONU. A INFORSE também organizou eventos paralelos e exposições em muitas destas conferências.</p>
<p>Visão<br />
Um mundo onde os serviços energéticos necessários para um desenvolvimento justo e centrado no ser humano sejam fornecidos de forma sustentável, utilizando energias renováveis.</p>
<p>Missão<br />
A INFORSE é uma rede global de organizações não governamentais independentes que trabalham em prol de soluções energéticas sustentáveis ​​para reduzir a pobreza e proteger o ambiente.</p>
<p>Metas<br />
– Conscientizar e promover<br />
– Desenvolver capacidades a nível local, nacional e internacional<br />
– Trabalhar pela reforma institucional<br />
– Apoiar pesquisa e desenvolvimento</p>
<p>A versão ampliada pode ser vista em nossa CARTA DE APRESENTAÇÃO abaixo: <a href="https://inforse.org/latinamerica/wp-content/uploads/2023/11/CARTA-BASE-INFORSE-PORTUGUES.docx">CARTA BASE INFORSE PORTUGUES</a></p>
<p>encontre-nos no <a href="https://www.facebook.com/INFORSE/?locale=da_DK">Facebook</a> e no <a href="https://twitter.com/INFORSE_org">X</a></p>

<p>A INFORSE é uma rede global composta por 140 organizações não governamentais que trabalham em cerca de 60 países para promover a energia sustentável e o desenvolvimento social. A Rede foi criada no Rio de Janeiro em 1992 para garantir o monitoramento das políticas adotadas na Conferência das Nações Unidas sobre Meio Ambiente e Desenvolvimento &hellip; </p>
<p class="link-more"><a href="https://inforse.org/latinamerica/pt/apresentacao-inforse/" class="more-link">Continue reading<span class="screen-reader-text"> &#8220;Apresentação INFORSE&#8221;</span></a></p>
