{"id":394,"date":"2023-09-27T06:20:20","date_gmt":"2023-09-27T09:20:20","guid":{"rendered":"https:\/\/inforse.org\/latinamerica\/?page_id=394"},"modified":"2024-02-11T14:27:56","modified_gmt":"2024-02-11T17:27:56","slug":"home-3","status":"publish","type":"page","link":"https:\/\/inforse.org\/latinamerica\/pt\/home-3\/","title":{"rendered":"Home"},"content":{"rendered":"<p><img decoding=\"async\" loading=\"lazy\" class=\"alignnone size-medium wp-image-818\" src=\"https:\/\/inforse.org\/latinamerica\/wp-content\/uploads\/2024\/02\/INFORSE-america-latina-logo-500-2-300x300.png\" alt=\"\" width=\"300\" height=\"300\" srcset=\"https:\/\/inforse.org\/latinamerica\/wp-content\/uploads\/2024\/02\/INFORSE-america-latina-logo-500-2-300x300.png 300w, https:\/\/inforse.org\/latinamerica\/wp-content\/uploads\/2024\/02\/INFORSE-america-latina-logo-500-2-150x150.png 150w, https:\/\/inforse.org\/latinamerica\/wp-content\/uploads\/2024\/02\/INFORSE-america-latina-logo-500-2-100x100.png 100w, https:\/\/inforse.org\/latinamerica\/wp-content\/uploads\/2024\/02\/INFORSE-america-latina-logo-500-2.png 475w\" sizes=\"(max-width: 300px) 100vw, 300px\" \/><br \/>\nA INFORSE Am\u00e9rica Latina \u00e9 uma regi\u00e3o da Rede Internacional INFORSE para Energia Sustent\u00e1vel. Nesta homepage voc\u00ea pode ler sobre as atividades da INFORSE e da INFORSE Latin America.<strong><br \/>\n<\/strong><\/p>\n<p><strong>30 anos de INFORSE<\/strong><\/p>\n<p><img decoding=\"async\" loading=\"lazy\" class=\"alignnone size-medium wp-image-355\" src=\"https:\/\/inforse.org\/latinamerica\/wp-content\/uploads\/2023\/06\/Inforse-30-years-badge-1-300x296.jpg\" alt=\"\" width=\"300\" height=\"296\" srcset=\"https:\/\/inforse.org\/latinamerica\/wp-content\/uploads\/2023\/06\/Inforse-30-years-badge-1-300x296.jpg 300w, https:\/\/inforse.org\/latinamerica\/wp-content\/uploads\/2023\/06\/Inforse-30-years-badge-1-1024x1010.jpg 1024w, https:\/\/inforse.org\/latinamerica\/wp-content\/uploads\/2023\/06\/Inforse-30-years-badge-1-768x757.jpg 768w, https:\/\/inforse.org\/latinamerica\/wp-content\/uploads\/2023\/06\/Inforse-30-years-badge-1-100x100.jpg 100w, https:\/\/inforse.org\/latinamerica\/wp-content\/uploads\/2023\/06\/Inforse-30-years-badge-1.jpg 1282w\" sizes=\"(max-width: 300px) 100vw, 300px\" \/><\/p>\n<p>H\u00e1 30 anos formamos a Rede Internacional de Energia Sustent\u00e1vel (INFORSE), reunindo um n\u00famero crescente de organiza\u00e7\u00f5es da sociedade civil que apoiavam as energias renov\u00e1veis \u200b\u200be a conserva\u00e7\u00e3o de energia, e que tamb\u00e9m queriam superar o problema da falta de energia limpa num mundo desigual .<\/p>\n<p><a href=\"https:\/\/inforse.org\/latinamerica\/wp-content\/uploads\/2023\/11\/30-anos-de-INFORSE-PORTUGUES.docx\">30 anos de INFORSE PORTUGUES<\/a><\/p>\n","protected":false},"excerpt":{"rendered":"<p>A INFORSE Am\u00e9rica Latina \u00e9 uma regi\u00e3o da Rede Internacional INFORSE para Energia Sustent\u00e1vel. Nesta homepage voc\u00ea pode ler sobre as atividades da INFORSE e da INFORSE Latin America. 30 anos de INFORSE H\u00e1 30 anos formamos a Rede Internacional de Energia Sustent\u00e1vel (INFORSE), reunindo um n\u00famero crescente de organiza\u00e7\u00f5es da sociedade civil que apoiavam &hellip; <\/p>\n<p class=\"link-more\"><a href=\"https:\/\/inforse.org\/latinamerica\/pt\/home-3\/\" class=\"more-link\">Continue reading<span class=\"screen-reader-text\"> &#8220;Home&#8221;<\/span><\/a><\/p>\n","protected":false},"author":1,"featured_media":0,"parent":0,"menu_order":0,"comment_status":"closed","ping_status":"closed","template":"","meta":{"footnotes":""},"_links":{"self":[{"href":"https:\/\/inforse.org\/latinamerica\/wp-json\/wp\/v2\/pages\/394"}],"collection":[{"href":"https:\/\/inforse.org\/latinamerica\/wp-json\/wp\/v2\/pages"}],"about":[{"href":"https:\/\/inforse.org\/latinamerica\/wp-json\/wp\/v2\/types\/page"}],"author":[{"embeddable":true,"href":"https:\/\/inforse.org\/latinamerica\/wp-json\/wp\/v2\/users\/1"}],"replies":[{"embeddable":true,"href":"https:\/\/inforse.org\/latinamerica\/wp-json\/wp\/v2\/comments?post=394"}],"version-history":[{"count":4,"href":"https:\/\/inforse.org\/latinamerica\/wp-json\/wp\/v2\/pages\/394\/revisions"}],"predecessor-version":[{"id":820,"href":"https:\/\/inforse.org\/latinamerica\/wp-json\/wp\/v2\/pages\/394\/revisions\/820"}],"wp:attachment":[{"href":"https:\/\/inforse.org\/latinamerica\/wp-json\/wp\/v2\/media?parent=394"}],"curies":[{"name":"wp","href":"https:\/\/api.w.org\/{rel}","templated":true}]}}