{"id":357,"date":"2023-06-15T13:26:50","date_gmt":"2023-06-15T16:26:50","guid":{"rendered":"https:\/\/inforse.org\/latinamerica\/?page_id=357"},"modified":"2024-03-11T08:40:14","modified_gmt":"2024-03-11T11:40:14","slug":"ecoaldeas","status":"publish","type":"page","link":"https:\/\/inforse.org\/latinamerica\/es\/ecoaldeas\/","title":{"rendered":"Ecoaldeas (Argentina)"},"content":{"rendered":"<p><strong>Usina Popular y Municipal de Tandil S.E.M<br \/>\nUsicom S.A<\/strong><br \/>\nSe trata de un nuevo Proyecto de generaci\u00f3n de Energ\u00edas Renovables (Fotovoltaica) que se inyectar\u00e1 a la red de media tensi\u00f3n de USINA TANDIL.<br \/>\nUSINA invertir\u00e1 en un Parque Solar escalable, que brindar\u00e1 la posibilidad para que cualquier usuario con medidor vigente, pueda comprar Energ\u00eda RENOVABLE ANTICIPADA.<br \/>\nCada inversor puede comprar uno o m\u00e1s m\u00f3dulos, siempre que no supere el 100 % del consumo de la energ\u00eda promedio anual con USINA.<\/p>\n<p><img decoding=\"async\" loading=\"lazy\" class=\"alignnone size-medium wp-image-376\" src=\"https:\/\/inforse.org\/latinamerica\/wp-content\/uploads\/2023\/07\/DOC-20230714-WA0073._Page_15-300x169.jpg\" alt=\"\" width=\"300\" height=\"169\" srcset=\"https:\/\/inforse.org\/latinamerica\/wp-content\/uploads\/2023\/07\/DOC-20230714-WA0073._Page_15-300x169.jpg 300w, https:\/\/inforse.org\/latinamerica\/wp-content\/uploads\/2023\/07\/DOC-20230714-WA0073._Page_15.jpg 720w\" sizes=\"(max-width: 300px) 100vw, 300px\" \/><\/p>\n<p><a href=\"https:\/\/inforse.org\/latinamerica\/wp-content\/uploads\/2023\/07\/Gacetilla-COMUNIDADES-SOLARES-I.pdf\">Gacetilla COMUNIDADES SOLARES I<\/a><\/p>\n<p><strong>Pueblos solares en Jujuy<\/strong><br \/>\n&#8211; Mini red en sitio aislado con almacenamiento<\/p>\n<p><img decoding=\"async\" loading=\"lazy\" class=\"alignnone size-medium wp-image-377\" src=\"https:\/\/inforse.org\/latinamerica\/wp-content\/uploads\/2023\/07\/DOC-20230714-WA0073._Page_9-300x169.jpg\" alt=\"\" width=\"300\" height=\"169\" srcset=\"https:\/\/inforse.org\/latinamerica\/wp-content\/uploads\/2023\/07\/DOC-20230714-WA0073._Page_9-300x169.jpg 300w, https:\/\/inforse.org\/latinamerica\/wp-content\/uploads\/2023\/07\/DOC-20230714-WA0073._Page_9.jpg 720w\" sizes=\"(max-width: 300px) 100vw, 300px\" \/><\/p>\n<p><strong>Mini red h\u00edbrida (solar-e\u00f3lica) Naupa Huen, Rio Negro, Argentina<\/strong><\/p>\n<p><img decoding=\"async\" loading=\"lazy\" class=\"alignnone size-medium wp-image-378\" src=\"https:\/\/inforse.org\/latinamerica\/wp-content\/uploads\/2023\/07\/DOC-20230714-WA0073._Page_10-300x169.jpg\" alt=\"\" width=\"300\" height=\"169\" srcset=\"https:\/\/inforse.org\/latinamerica\/wp-content\/uploads\/2023\/07\/DOC-20230714-WA0073._Page_10-300x169.jpg 300w, https:\/\/inforse.org\/latinamerica\/wp-content\/uploads\/2023\/07\/DOC-20230714-WA0073._Page_10.jpg 720w\" sizes=\"(max-width: 300px) 100vw, 300px\" \/><\/p>\n<p><strong>Ecoaldea GAIA Navarro, Argentina<\/strong><\/p>\n<p><img decoding=\"async\" loading=\"lazy\" class=\"alignnone size-medium wp-image-925\" src=\"https:\/\/inforse.org\/latinamerica\/wp-content\/uploads\/2024\/03\/maxresdefault-300x169.jpg\" alt=\"\" width=\"300\" height=\"169\" srcset=\"https:\/\/inforse.org\/latinamerica\/wp-content\/uploads\/2024\/03\/maxresdefault-300x169.jpg 300w, https:\/\/inforse.org\/latinamerica\/wp-content\/uploads\/2024\/03\/maxresdefault-1024x576.jpg 1024w, https:\/\/inforse.org\/latinamerica\/wp-content\/uploads\/2024\/03\/maxresdefault-768x432.jpg 768w, https:\/\/inforse.org\/latinamerica\/wp-content\/uploads\/2024\/03\/maxresdefault.jpg 1280w\" sizes=\"(max-width: 300px) 100vw, 300px\" \/><\/p>\n<p>&nbsp;<\/p>\n<p><strong>PRIER Amstrong<\/strong><\/p>\n<p><img decoding=\"async\" loading=\"lazy\" class=\"alignnone size-medium wp-image-382\" src=\"https:\/\/inforse.org\/latinamerica\/wp-content\/uploads\/2023\/07\/DOC-20230714-WA0073._Page_14-300x169.jpg\" alt=\"\" width=\"300\" height=\"169\" srcset=\"https:\/\/inforse.org\/latinamerica\/wp-content\/uploads\/2023\/07\/DOC-20230714-WA0073._Page_14-300x169.jpg 300w, https:\/\/inforse.org\/latinamerica\/wp-content\/uploads\/2023\/07\/DOC-20230714-WA0073._Page_14.jpg 720w\" sizes=\"(max-width: 300px) 100vw, 300px\" \/><\/p>\n<p>El PRIER es un proyecto piloto de generaci\u00f3n de energ\u00eda el\u00e9ctrica con paneles fotovoltaicos. Su finalidad es la implementaci\u00f3n, puesta en marcha y evaluaci\u00f3n de una experiencia de generaci\u00f3n distribuida de energ\u00edas renovables que suma al desarrollo de la red inteligente en la ciudad de Armstrong<\/p>\n<p>&#8211; LOCALIZACI\u00d3N DE LOS PANELES 1 PLANTA DE PISO<br \/>\nUbicada en el \u00c1rea Industrial. Se extiende a lo largo de 1 hect\u00e1rea y aporta energ\u00eda a la red general de la ciudad.<\/p>\n<p><img decoding=\"async\" loading=\"lazy\" class=\"alignnone size-medium wp-image-380\" src=\"https:\/\/inforse.org\/latinamerica\/wp-content\/uploads\/2023\/07\/DOC-20230714-WA0073._Page_13-e1689354354829-300x174.jpg\" alt=\"\" width=\"300\" height=\"174\" srcset=\"https:\/\/inforse.org\/latinamerica\/wp-content\/uploads\/2023\/07\/DOC-20230714-WA0073._Page_13-e1689354354829-300x174.jpg 300w, https:\/\/inforse.org\/latinamerica\/wp-content\/uploads\/2023\/07\/DOC-20230714-WA0073._Page_13-e1689354354829.jpg 309w\" sizes=\"(max-width: 300px) 100vw, 300px\" \/><\/p>\n<p>&#8211; LOCALIZACI\u00d3N DE LOS PANELES 50 TECHOS SOLARES<br \/>\nUbicados en viviendas, comercios e instituciones. Es necesario contar con acceso al sol, medidores inteligentes y factibilidad t\u00e9cnica para soportar estructuras. Aporta energ\u00eda a la red general de la ciudad.<\/p>\n<p><img decoding=\"async\" loading=\"lazy\" class=\"alignnone size-medium wp-image-387\" src=\"https:\/\/inforse.org\/latinamerica\/wp-content\/uploads\/2023\/07\/Diap-13-parte-2-e1689354976236-300x177.png\" alt=\"\" width=\"300\" height=\"177\" srcset=\"https:\/\/inforse.org\/latinamerica\/wp-content\/uploads\/2023\/07\/Diap-13-parte-2-e1689354976236-300x177.png 300w, https:\/\/inforse.org\/latinamerica\/wp-content\/uploads\/2023\/07\/Diap-13-parte-2-e1689354976236.png 311w\" sizes=\"(max-width: 300px) 100vw, 300px\" \/><\/p>\n","protected":false},"excerpt":{"rendered":"<p>Usina Popular y Municipal de Tandil S.E.M Usicom S.A Se trata de un nuevo Proyecto de generaci\u00f3n de Energ\u00edas Renovables (Fotovoltaica) que se inyectar\u00e1 a la red de media tensi\u00f3n de USINA TANDIL. USINA invertir\u00e1 en un Parque Solar escalable, que brindar\u00e1 la posibilidad para que cualquier usuario con medidor vigente, pueda comprar Energ\u00eda RENOVABLE &hellip; <\/p>\n<p class=\"link-more\"><a href=\"https:\/\/inforse.org\/latinamerica\/es\/ecoaldeas\/\" class=\"more-link\">Continue reading<span class=\"screen-reader-text\"> &#8220;Ecoaldeas (Argentina)&#8221;<\/span><\/a><\/p>\n","protected":false},"author":2,"featured_media":0,"parent":0,"menu_order":0,"comment_status":"closed","ping_status":"closed","template":"","meta":{"footnotes":""},"_links":{"self":[{"href":"https:\/\/inforse.org\/latinamerica\/wp-json\/wp\/v2\/pages\/357"}],"collection":[{"href":"https:\/\/inforse.org\/latinamerica\/wp-json\/wp\/v2\/pages"}],"about":[{"href":"https:\/\/inforse.org\/latinamerica\/wp-json\/wp\/v2\/types\/page"}],"author":[{"embeddable":true,"href":"https:\/\/inforse.org\/latinamerica\/wp-json\/wp\/v2\/users\/2"}],"replies":[{"embeddable":true,"href":"https:\/\/inforse.org\/latinamerica\/wp-json\/wp\/v2\/comments?post=357"}],"version-history":[{"count":8,"href":"https:\/\/inforse.org\/latinamerica\/wp-json\/wp\/v2\/pages\/357\/revisions"}],"predecessor-version":[{"id":924,"href":"https:\/\/inforse.org\/latinamerica\/wp-json\/wp\/v2\/pages\/357\/revisions\/924"}],"wp:attachment":[{"href":"https:\/\/inforse.org\/latinamerica\/wp-json\/wp\/v2\/media?parent=357"}],"curies":[{"name":"wp","href":"https:\/\/api.w.org\/{rel}","templated":true}]}}

<p><strong>Usina Popular y Municipal de Tandil S.E.M<br />
Usicom S.A</strong><br />
Se trata de un nuevo Proyecto de generación de Energías Renovables (Fotovoltaica) que se inyectará a la red de media tensión de USINA TANDIL.<br />
USINA invertirá en un Parque Solar escalable, que brindará la posibilidad para que cualquier usuario con medidor vigente, pueda comprar Energía RENOVABLE ANTICIPADA.<br />
Cada inversor puede comprar uno o más módulos, siempre que no supere el 100 % del consumo de la energía promedio anual con USINA.</p>
<p><img decoding="async" loading="lazy" class="alignnone size-medium wp-image-376" src="https://inforse.org/latinamerica/wp-content/uploads/2023/07/DOC-20230714-WA0073._Page_15-300x169.jpg" alt="" width="300" height="169" srcset="https://inforse.org/latinamerica/wp-content/uploads/2023/07/DOC-20230714-WA0073._Page_15-300x169.jpg 300w, https://inforse.org/latinamerica/wp-content/uploads/2023/07/DOC-20230714-WA0073._Page_15.jpg 720w" sizes="(max-width: 300px) 100vw, 300px" /></p>
<p><a href="https://inforse.org/latinamerica/wp-content/uploads/2023/07/Gacetilla-COMUNIDADES-SOLARES-I.pdf">Gacetilla COMUNIDADES SOLARES I</a></p>
<p><strong>Pueblos solares en Jujuy</strong><br />
&#8211; Mini red en sitio aislado con almacenamiento</p>
<p><img decoding="async" loading="lazy" class="alignnone size-medium wp-image-377" src="https://inforse.org/latinamerica/wp-content/uploads/2023/07/DOC-20230714-WA0073._Page_9-300x169.jpg" alt="" width="300" height="169" srcset="https://inforse.org/latinamerica/wp-content/uploads/2023/07/DOC-20230714-WA0073._Page_9-300x169.jpg 300w, https://inforse.org/latinamerica/wp-content/uploads/2023/07/DOC-20230714-WA0073._Page_9.jpg 720w" sizes="(max-width: 300px) 100vw, 300px" /></p>
<p><strong>Mini red híbrida (solar-eólica) Naupa Huen, Rio Negro, Argentina</strong></p>
<p><img decoding="async" loading="lazy" class="alignnone size-medium wp-image-378" src="https://inforse.org/latinamerica/wp-content/uploads/2023/07/DOC-20230714-WA0073._Page_10-300x169.jpg" alt="" width="300" height="169" srcset="https://inforse.org/latinamerica/wp-content/uploads/2023/07/DOC-20230714-WA0073._Page_10-300x169.jpg 300w, https://inforse.org/latinamerica/wp-content/uploads/2023/07/DOC-20230714-WA0073._Page_10.jpg 720w" sizes="(max-width: 300px) 100vw, 300px" /></p>
<p><strong>Ecoaldea GAIA Navarro, Argentina</strong></p>
<p><img decoding="async" loading="lazy" class="alignnone size-medium wp-image-925" src="https://inforse.org/latinamerica/wp-content/uploads/2024/03/maxresdefault-300x169.jpg" alt="" width="300" height="169" srcset="https://inforse.org/latinamerica/wp-content/uploads/2024/03/maxresdefault-300x169.jpg 300w, https://inforse.org/latinamerica/wp-content/uploads/2024/03/maxresdefault-1024x576.jpg 1024w, https://inforse.org/latinamerica/wp-content/uploads/2024/03/maxresdefault-768x432.jpg 768w, https://inforse.org/latinamerica/wp-content/uploads/2024/03/maxresdefault.jpg 1280w" sizes="(max-width: 300px) 100vw, 300px" /></p>
<p>&nbsp;</p>
<p><strong>PRIER Amstrong</strong></p>
<p><img decoding="async" loading="lazy" class="alignnone size-medium wp-image-382" src="https://inforse.org/latinamerica/wp-content/uploads/2023/07/DOC-20230714-WA0073._Page_14-300x169.jpg" alt="" width="300" height="169" srcset="https://inforse.org/latinamerica/wp-content/uploads/2023/07/DOC-20230714-WA0073._Page_14-300x169.jpg 300w, https://inforse.org/latinamerica/wp-content/uploads/2023/07/DOC-20230714-WA0073._Page_14.jpg 720w" sizes="(max-width: 300px) 100vw, 300px" /></p>
<p>El PRIER es un proyecto piloto de generación de energía eléctrica con paneles fotovoltaicos. Su finalidad es la implementación, puesta en marcha y evaluación de una experiencia de generación distribuida de energías renovables que suma al desarrollo de la red inteligente en la ciudad de Armstrong</p>
<p>&#8211; LOCALIZACIÓN DE LOS PANELES 1 PLANTA DE PISO<br />
Ubicada en el Área Industrial. Se extiende a lo largo de 1 hectárea y aporta energía a la red general de la ciudad.</p>
<p><img decoding="async" loading="lazy" class="alignnone size-medium wp-image-380" src="https://inforse.org/latinamerica/wp-content/uploads/2023/07/DOC-20230714-WA0073._Page_13-e1689354354829-300x174.jpg" alt="" width="300" height="174" srcset="https://inforse.org/latinamerica/wp-content/uploads/2023/07/DOC-20230714-WA0073._Page_13-e1689354354829-300x174.jpg 300w, https://inforse.org/latinamerica/wp-content/uploads/2023/07/DOC-20230714-WA0073._Page_13-e1689354354829.jpg 309w" sizes="(max-width: 300px) 100vw, 300px" /></p>
<p>&#8211; LOCALIZACIÓN DE LOS PANELES 50 TECHOS SOLARES<br />
Ubicados en viviendas, comercios e instituciones. Es necesario contar con acceso al sol, medidores inteligentes y factibilidad técnica para soportar estructuras. Aporta energía a la red general de la ciudad.</p>
<p><img decoding="async" loading="lazy" class="alignnone size-medium wp-image-387" src="https://inforse.org/latinamerica/wp-content/uploads/2023/07/Diap-13-parte-2-e1689354976236-300x177.png" alt="" width="300" height="177" srcset="https://inforse.org/latinamerica/wp-content/uploads/2023/07/Diap-13-parte-2-e1689354976236-300x177.png 300w, https://inforse.org/latinamerica/wp-content/uploads/2023/07/Diap-13-parte-2-e1689354976236.png 311w" sizes="(max-width: 300px) 100vw, 300px" /></p>

<p>Usina Popular y Municipal de Tandil S.E.M Usicom S.A Se trata de un nuevo Proyecto de generación de Energías Renovables (Fotovoltaica) que se inyectará a la red de media tensión de USINA TANDIL. USINA invertirá en un Parque Solar escalable, que brindará la posibilidad para que cualquier usuario con medidor vigente, pueda comprar Energía RENOVABLE &hellip; </p>
<p class="link-more"><a href="https://inforse.org/latinamerica/es/ecoaldeas/" class="more-link">Continue reading<span class="screen-reader-text"> &#8220;Ecoaldeas (Argentina)&#8221;</span></a></p>
