{"id":292,"date":"2023-02-22T13:10:14","date_gmt":"2023-02-22T16:10:14","guid":{"rendered":"https:\/\/inforse.org\/latinamerica\/?page_id=292"},"modified":"2024-02-09T07:47:56","modified_gmt":"2024-02-09T10:47:56","slug":"cop-27","status":"publish","type":"page","link":"https:\/\/inforse.org\/latinamerica\/es\/negociaciones-climaticas-onu\/cop-27\/","title":{"rendered":"CMNUCC COP 27 (ES)"},"content":{"rendered":"<p><img decoding=\"async\" loading=\"lazy\" class=\"alignnone size-medium wp-image-300\" src=\"https:\/\/inforse.org\/latinamerica\/wp-content\/uploads\/2023\/02\/COP27-INFORSE-300x158.png\" alt=\"\" width=\"300\" height=\"158\" srcset=\"https:\/\/inforse.org\/latinamerica\/wp-content\/uploads\/2023\/02\/COP27-INFORSE-300x158.png 300w, https:\/\/inforse.org\/latinamerica\/wp-content\/uploads\/2023\/02\/COP27-INFORSE.png 431w\" sizes=\"(max-width: 300px) 100vw, 300px\" \/><\/p>\n<p>Durante la pasada <strong>COP27<\/strong>, INFORSE organiz\u00f3 un evento paralelo titulado \u201cClima local: soluciones energ\u00e9ticas sostenibles en el <em>Inventario Global<\/em> (GST), por qu\u00e9, c\u00f3mo y desde donde abordar las soluciones locales es importante para los objetivos clim\u00e1ticos y deben incluirse mejor en el GST&#8221;. Se presentaron soluciones clim\u00e1ticas locales de 3 continentes, explicando c\u00f3mo incluirlas en GST, con una descripci\u00f3n general de los cambios que pueden hacer para la mitigaci\u00f3n del clima global, adaptaci\u00f3n, reducciones de GEI m\u00e1s r\u00e1pidas, pobreza e igualdad de g\u00e9nero.<\/p>\n<p><strong>Expectativas COP27<\/strong><\/p>\n<p>&#8220;Accion Climatica en Momentos Decisivos&#8221; de la revista &#8220;Noticias de Energia Sostenible&#8221; N\u00ba86 de INFORSE (Noviembre 2022): <a href=\"https:\/\/inforse.org\/latinamerica\/wp-content\/uploads\/2023\/02\/Accion-Climatica-en-Momentos-Criticos-PRE-COP27.docx\">Acci\u00f3n Clim\u00e1tica en Momentos Criticos (PRE COP27)<\/a> <!--more--><\/p>\n<p>Mientras el mundo lucha contra muchos conflictos y crisis, es importante acelerar r\u00e1pidamente la acci\u00f3n clim\u00e1tica para completar la transici\u00f3n a la sostenibilidad energ\u00e9tica. Adem\u00e1s, las pol\u00edticas clim\u00e1ticas efectivas y sostenibles pueden mitigar parte de las otras crisis que enfrentamos. Es por esto que en INFORSE seguimos enfoc\u00e1ndonos en la acci\u00f3n clim\u00e1tica, dentro y fuera de las negociaciones.<\/p>\n<p><strong>COP27 Conferencia del Clima de la ONU<br \/>\n\u00bfYa continuaci\u00f3n?<\/strong><\/p>\n<p>Una breve descripci\u00f3n de los resultados de la COP27, noviembre de 2022 y algunos pr\u00f3ximos pasos a seguir.<br \/>\npor Gunnar Boye Olesen, INFORSE: <a href=\"https:\/\/inforse.org\/latinamerica\/wp-content\/uploads\/2023\/02\/COP27-Conferencia-del-Clima-de-la-ONU.docx\">COP27 Conferencia del Clima de la ONU<\/a><\/p>\n","protected":false},"excerpt":{"rendered":"<p>Durante la pasada COP27, INFORSE organiz\u00f3 un evento paralelo titulado \u201cClima local: soluciones energ\u00e9ticas sostenibles en el Inventario Global (GST), por qu\u00e9, c\u00f3mo y desde donde abordar las soluciones locales es importante para los objetivos clim\u00e1ticos y deben incluirse mejor en el GST&#8221;. Se presentaron soluciones clim\u00e1ticas locales de 3 continentes, explicando c\u00f3mo incluirlas en &hellip; <\/p>\n<p class=\"link-more\"><a href=\"https:\/\/inforse.org\/latinamerica\/es\/negociaciones-climaticas-onu\/cop-27\/\" class=\"more-link\">Continue reading<span class=\"screen-reader-text\"> &#8220;CMNUCC COP 27 (ES)&#8221;<\/span><\/a><\/p>\n","protected":false},"author":2,"featured_media":0,"parent":179,"menu_order":0,"comment_status":"closed","ping_status":"closed","template":"","meta":{"footnotes":""},"_links":{"self":[{"href":"https:\/\/inforse.org\/latinamerica\/wp-json\/wp\/v2\/pages\/292"}],"collection":[{"href":"https:\/\/inforse.org\/latinamerica\/wp-json\/wp\/v2\/pages"}],"about":[{"href":"https:\/\/inforse.org\/latinamerica\/wp-json\/wp\/v2\/types\/page"}],"author":[{"embeddable":true,"href":"https:\/\/inforse.org\/latinamerica\/wp-json\/wp\/v2\/users\/2"}],"replies":[{"embeddable":true,"href":"https:\/\/inforse.org\/latinamerica\/wp-json\/wp\/v2\/comments?post=292"}],"version-history":[{"count":4,"href":"https:\/\/inforse.org\/latinamerica\/wp-json\/wp\/v2\/pages\/292\/revisions"}],"predecessor-version":[{"id":650,"href":"https:\/\/inforse.org\/latinamerica\/wp-json\/wp\/v2\/pages\/292\/revisions\/650"}],"up":[{"embeddable":true,"href":"https:\/\/inforse.org\/latinamerica\/wp-json\/wp\/v2\/pages\/179"}],"wp:attachment":[{"href":"https:\/\/inforse.org\/latinamerica\/wp-json\/wp\/v2\/media?parent=292"}],"curies":[{"name":"wp","href":"https:\/\/api.w.org\/{rel}","templated":true}]}}

<p><img decoding="async" loading="lazy" class="alignnone size-medium wp-image-300" src="https://inforse.org/latinamerica/wp-content/uploads/2023/02/COP27-INFORSE-300x158.png" alt="" width="300" height="158" srcset="https://inforse.org/latinamerica/wp-content/uploads/2023/02/COP27-INFORSE-300x158.png 300w, https://inforse.org/latinamerica/wp-content/uploads/2023/02/COP27-INFORSE.png 431w" sizes="(max-width: 300px) 100vw, 300px" /></p>
<p>Durante la pasada <strong>COP27</strong>, INFORSE organizó un evento paralelo titulado “Clima local: soluciones energéticas sostenibles en el <em>Inventario Global</em> (GST), por qué, cómo y desde donde abordar las soluciones locales es importante para los objetivos climáticos y deben incluirse mejor en el GST&#8221;. Se presentaron soluciones climáticas locales de 3 continentes, explicando cómo incluirlas en GST, con una descripción general de los cambios que pueden hacer para la mitigación del clima global, adaptación, reducciones de GEI más rápidas, pobreza e igualdad de género.</p>
<p><strong>Expectativas COP27</strong></p>
<p>&#8220;Accion Climatica en Momentos Decisivos&#8221; de la revista &#8220;Noticias de Energia Sostenible&#8221; Nº86 de INFORSE (Noviembre 2022): <a href="https://inforse.org/latinamerica/wp-content/uploads/2023/02/Accion-Climatica-en-Momentos-Criticos-PRE-COP27.docx">Acción Climática en Momentos Criticos (PRE COP27)</a> <!--more--></p>
<p>Mientras el mundo lucha contra muchos conflictos y crisis, es importante acelerar rápidamente la acción climática para completar la transición a la sostenibilidad energética. Además, las políticas climáticas efectivas y sostenibles pueden mitigar parte de las otras crisis que enfrentamos. Es por esto que en INFORSE seguimos enfocándonos en la acción climática, dentro y fuera de las negociaciones.</p>
<p><strong>COP27 Conferencia del Clima de la ONU<br />
¿Ya continuación?</strong></p>
<p>Una breve descripción de los resultados de la COP27, noviembre de 2022 y algunos próximos pasos a seguir.<br />
por Gunnar Boye Olesen, INFORSE: <a href="https://inforse.org/latinamerica/wp-content/uploads/2023/02/COP27-Conferencia-del-Clima-de-la-ONU.docx">COP27 Conferencia del Clima de la ONU</a></p>

<p>Durante la pasada COP27, INFORSE organizó un evento paralelo titulado “Clima local: soluciones energéticas sostenibles en el Inventario Global (GST), por qué, cómo y desde donde abordar las soluciones locales es importante para los objetivos climáticos y deben incluirse mejor en el GST&#8221;. Se presentaron soluciones climáticas locales de 3 continentes, explicando cómo incluirlas en &hellip; </p>
<p class="link-more"><a href="https://inforse.org/latinamerica/es/negociaciones-climaticas-onu/cop-27/" class="more-link">Continue reading<span class="screen-reader-text"> &#8220;CMNUCC COP 27 (ES)&#8221;</span></a></p>
