{"id":198,"date":"2022-12-11T07:09:40","date_gmt":"2022-12-11T10:09:40","guid":{"rendered":"https:\/\/inforse.org\/latinamerica\/?page_id=198"},"modified":"2024-03-15T10:30:31","modified_gmt":"2024-03-15T13:30:31","slug":"inforse-america-latina-es","status":"publish","type":"page","link":"https:\/\/inforse.org\/latinamerica\/es\/inforse-america-latina-es\/","title":{"rendered":"INFORSE Am\u00e9rica Latina"},"content":{"rendered":"<p><img decoding=\"async\" loading=\"lazy\" class=\"alignnone wp-image-812 size-medium\" src=\"https:\/\/inforse.org\/latinamerica\/wp-content\/uploads\/2024\/02\/INFORSE-america-latina-logo-500-1-300x300.png\" alt=\"INFORSE Latin America logo\" width=\"300\" height=\"300\" srcset=\"https:\/\/inforse.org\/latinamerica\/wp-content\/uploads\/2024\/02\/INFORSE-america-latina-logo-500-1-300x300.png 300w, https:\/\/inforse.org\/latinamerica\/wp-content\/uploads\/2024\/02\/INFORSE-america-latina-logo-500-1-150x150.png 150w, https:\/\/inforse.org\/latinamerica\/wp-content\/uploads\/2024\/02\/INFORSE-america-latina-logo-500-1-100x100.png 100w, https:\/\/inforse.org\/latinamerica\/wp-content\/uploads\/2024\/02\/INFORSE-america-latina-logo-500-1.png 475w\" sizes=\"(max-width: 300px) 100vw, 300px\" \/><\/p>\n<p><strong>INFORSE Latinoam\u00e9rica \u201cSinergias entre continentes\u201d<\/strong><\/p>\n<p>En muchos casos, en los pa\u00edses latinoamericanos, las soluciones locales de energ\u00eda sostenible pueden contribuir mucho mejor que las soluciones a gran escala para reducir la pobreza, aumentar el acceso a la energ\u00eda, ayudar a crear medios de vida en \u00e1reas rurales, aumentar la seguridad alimentaria con la conservaci\u00f3n local de alimentos y mejorar la salud, al tiempo que contribuyen para reducir la deforestaci\u00f3n y las emisiones de gases de efecto invernadero.<\/p>\n<p>El Proyecto Soluciones Locales de la red INFORSE se centra en dos objetivos prioritarios en l\u00ednea con el contexto anteriormente descrito:<\/p>\n<p><strong>\u2013 Fortalecimiento de la capacidad de las OSC (Organizaciones de la Sociedad Civil) en la difusi\u00f3n de soluciones energ\u00e9ticas sostenibles locales<\/strong><br \/>\n<strong>\u2013 Incrementar la capacidad de las OSC para promover la energ\u00eda sostenible y soluciones locales para su inclusi\u00f3n en los planes clim\u00e1ticos y de desarrollo a nivel nacional, provincial y local.<\/strong><\/p>\n<p>Con esta intervenci\u00f3n queremos fortalecer la capacidad de la sociedad para construir una respuesta de base, favorable a los pobres e inclusiva a la crisis clim\u00e1tica, conduciendo a una transici\u00f3n hacia sociedades energ\u00e9ticamente sostenibles y clim\u00e1ticamente neutrales a trav\u00e9s de soluciones locales. El proyecto aborda el desaf\u00edo de lograr reducciones r\u00e1pidas en las emisiones globales de gases de efecto invernadero, para lograr objetivos clim\u00e1ticos globales de manera que tambi\u00e9n apoyen el desarrollo humano para salir de la pobreza.<br \/>\nEsto tambi\u00e9n incluye la pobreza energ\u00e9tica, donde las personas no tienen un acceso adecuado a servicios energ\u00e9ticos asequibles. La intervenci\u00f3n se centrar\u00e1 en soluciones con uso sostenible de los recursos locales, participaci\u00f3n local y desarrollo de capacidades.<\/p>\n<p>Al compartir experiencias e informaci\u00f3n sobre estas soluciones entre organizaciones de la sociedad civil en diferentes pa\u00edses y continentes, y desarrollar y difundir informaci\u00f3n sobre sus beneficios y c\u00f3mo integrarlos en los planes clim\u00e1ticos y de desarrollo, las soluciones se pueden tener en cuenta y utilizar a mayor escala. . , recibiendo m\u00e1s atenci\u00f3n y financiaci\u00f3n. Esto tambi\u00e9n puede aumentar las capacidades de las OSC para participar en la difusi\u00f3n y llamar la atenci\u00f3n sobre las valiosas contribuciones que pueden hacer a la implementaci\u00f3n.<br \/>\nSe espera que la intervenci\u00f3n contribuya a esto fortaleciendo el marco global para las OSC que trabajan hacia soluciones energ\u00e9ticas locales sostenibles que reduzcan la pobreza, particularmente dentro de la <strong>Red Internacional para la Energ\u00eda Sostenible (INFORSE)<\/strong>.<\/p>\n<p>Esto es de particular importancia en las regiones donde se llevar\u00e1 a cabo la intervenci\u00f3n de este proyecto, incluidas las regiones con la mayor proporci\u00f3n de personas sin acceso adecuado a la energ\u00eda b\u00e1sica (Asia del Sur y \u00c1frica subsahariana) y con grandes desigualdades (Am\u00e9rica Latina).<\/p>\n<p>Hasta el momento, los integrantes del proyecto han participado en la realizaci\u00f3n de webinars dirigidos especialmente a j\u00f3venes de la regi\u00f3n, tanto en planificaci\u00f3n (selecci\u00f3n de p\u00fablico objetivo, esquema de calendario, actualizaci\u00f3n de conocimientos t\u00e9cnicos e investigaci\u00f3n y recopilaci\u00f3n de material adecuado, entrega de resumen del material a los participantes, entre otros) como en la ejecuci\u00f3n de los webinars virtuales y las intervenciones de los presentadores en casa, uno de ellos. Posteriormente se realiz\u00f3 un balance de cada webinar, el cual fue llevado a los participantes y discutido en las reuniones de coordinaci\u00f3n regional. Las investigaciones regionales fueron monitoreadas con especial atenci\u00f3n a lo producido por los organismos internacionales.<\/p>\n<p>Adem\u00e1s, estuvimos participando del proceso de declaraci\u00f3n RCOY 2023, donde se podr\u00edan redactar y poner en agenda soluciones locales en energ\u00eda distribuida.<\/p>\n<p>Esto no termina aqu\u00ed, debemos seguir abogando por la implementaci\u00f3n de una agenda que considere las soluciones locales como un pilar fundamental de los planes clim\u00e1ticos.<\/p>\n","protected":false},"excerpt":{"rendered":"<p>INFORSE Latinoam\u00e9rica \u201cSinergias entre continentes\u201d En muchos casos, en los pa\u00edses latinoamericanos, las soluciones locales de energ\u00eda sostenible pueden contribuir mucho mejor que las soluciones a gran escala para reducir la pobreza, aumentar el acceso a la energ\u00eda, ayudar a crear medios de vida en \u00e1reas rurales, aumentar la seguridad alimentaria con la conservaci\u00f3n local &hellip; <\/p>\n<p class=\"link-more\"><a href=\"https:\/\/inforse.org\/latinamerica\/es\/inforse-america-latina-es\/\" class=\"more-link\">Continue reading<span class=\"screen-reader-text\"> &#8220;INFORSE Am\u00e9rica Latina&#8221;<\/span><\/a><\/p>\n","protected":false},"author":4,"featured_media":0,"parent":0,"menu_order":0,"comment_status":"closed","ping_status":"closed","template":"","meta":{"footnotes":""},"_links":{"self":[{"href":"https:\/\/inforse.org\/latinamerica\/wp-json\/wp\/v2\/pages\/198"}],"collection":[{"href":"https:\/\/inforse.org\/latinamerica\/wp-json\/wp\/v2\/pages"}],"about":[{"href":"https:\/\/inforse.org\/latinamerica\/wp-json\/wp\/v2\/types\/page"}],"author":[{"embeddable":true,"href":"https:\/\/inforse.org\/latinamerica\/wp-json\/wp\/v2\/users\/4"}],"replies":[{"embeddable":true,"href":"https:\/\/inforse.org\/latinamerica\/wp-json\/wp\/v2\/comments?post=198"}],"version-history":[{"count":13,"href":"https:\/\/inforse.org\/latinamerica\/wp-json\/wp\/v2\/pages\/198\/revisions"}],"predecessor-version":[{"id":1069,"href":"https:\/\/inforse.org\/latinamerica\/wp-json\/wp\/v2\/pages\/198\/revisions\/1069"}],"wp:attachment":[{"href":"https:\/\/inforse.org\/latinamerica\/wp-json\/wp\/v2\/media?parent=198"}],"curies":[{"name":"wp","href":"https:\/\/api.w.org\/{rel}","templated":true}]}}