{"id":171,"date":"2022-12-11T05:24:24","date_gmt":"2022-12-11T08:24:24","guid":{"rendered":"https:\/\/inforse.org\/latinamerica\/?page_id=171"},"modified":"2024-04-22T08:48:44","modified_gmt":"2024-04-22T11:48:44","slug":"centro-de-recursos","status":"publish","type":"page","link":"https:\/\/inforse.org\/latinamerica\/es\/centro-de-recursos\/","title":{"rendered":"Centro de Recursos"},"content":{"rendered":"<p>Entre las organizaciones miembros de INFORSE-Europa hay varias que tienen la funci\u00f3n de ser un centro de formaci\u00f3n para diferentes grupos objetivo:<\/p>\n<p><a href=\"https:\/\/www.inforse.org\/europe\/success\/SU_artefact.html\">ARTEFACT &#8211; Escuela y centro solar de \u00e9xito en Alemania<\/a><br \/>\n<a href=\"https:\/\/www.inforse.org\/europe\/success\/SU_CAT.htm\">CAT &#8211; Centro de Tecnolog\u00eda Alternativa en Gales, Reino Unido<\/a><br \/>\n<a href=\"https:\/\/www.inforse.org\/europe\/success\/SU_Folkecenter.htm\">FOLKECENTER &#8211; Folkecenter n\u00f3rdico para energ\u00edas renovables en Dinamarca<\/a><br \/>\n<a href=\"https:\/\/www.inforse.org\/europe\/success\/SU_academy.htm\">Academia Folcl\u00f3rica Nemeth Laszlo en Hungr\u00eda (cerrada)<\/a><br \/>\n<a href=\"https:\/\/www.inforse.org\/europe\/success\/SU_Samsoe.htm\">Academia de Energ\u00eda Sams\u00f8, Dinamarca<\/a><br \/>\n<a href=\"https:\/\/www.inforse.org\/europe\/success\/SU_Deister.htm\">Centro de Energ\u00eda y Medio Ambiente Deister, Alemania<\/a><\/p>\n<p>Centros exitosos similares, que se centran principalmente en la jardiner\u00eda org\u00e1nica y algunos aspectos de la construcci\u00f3n ambiental, son:<\/p>\n<ul>\n<li><a href=\"https:\/\/www.inforse.org\/europe\/success\/SU_LivingEarth.htm\">Tierra Viva, Francia<\/a><\/li>\n<li><a href=\"https:\/\/www.inforse.org\/europe\/success\/SU_littleearth.htm\">Peque\u00f1a Tierra, Holanda<\/a><\/li>\n<\/ul>\n<p><strong>Otras bases de datos de energ\u00eda sostenible<\/strong><br \/>\nLas ONG y los organismos oficiales gestionan una serie de bases de datos sobre energ\u00eda sostenible. Aqu\u00ed solo nos referimos a algunos:<br \/>\n&#8211; <a href=\"https:\/\/calla.ecn.cz\/atlas\/\">Calla Base de datos<\/a> de instalaciones de energ\u00eda renovable en la Rep\u00fablica Checa, Bohemia del Sur, que cubre cientos de peque\u00f1as instalaciones de energ\u00eda renovable, principalmente peque\u00f1as centrales hidroel\u00e9ctricas, informaci\u00f3n solo en idioma checo.<br \/>\n&#8211; <a href=\"https:\/\/managenergy.ec.europa.eu\/index_en\">Base de datos de Managenergy<\/a> con un n\u00famero de casos en r\u00e1pida expansi\u00f3n en Europa.<\/p>\n","protected":false},"excerpt":{"rendered":"<p>Entre las organizaciones miembros de INFORSE-Europa hay varias que tienen la funci\u00f3n de ser un centro de formaci\u00f3n para diferentes grupos objetivo: ARTEFACT &#8211; Escuela y centro solar de \u00e9xito en Alemania CAT &#8211; Centro de Tecnolog\u00eda Alternativa en Gales, Reino Unido FOLKECENTER &#8211; Folkecenter n\u00f3rdico para energ\u00edas renovables en Dinamarca Academia Folcl\u00f3rica Nemeth Laszlo &hellip; <\/p>\n<p class=\"link-more\"><a href=\"https:\/\/inforse.org\/latinamerica\/es\/centro-de-recursos\/\" class=\"more-link\">Continue reading<span class=\"screen-reader-text\"> &#8220;Centro de Recursos&#8221;<\/span><\/a><\/p>\n","protected":false},"author":4,"featured_media":0,"parent":0,"menu_order":0,"comment_status":"closed","ping_status":"closed","template":"","meta":{"footnotes":""},"_links":{"self":[{"href":"https:\/\/inforse.org\/latinamerica\/wp-json\/wp\/v2\/pages\/171"}],"collection":[{"href":"https:\/\/inforse.org\/latinamerica\/wp-json\/wp\/v2\/pages"}],"about":[{"href":"https:\/\/inforse.org\/latinamerica\/wp-json\/wp\/v2\/types\/page"}],"author":[{"embeddable":true,"href":"https:\/\/inforse.org\/latinamerica\/wp-json\/wp\/v2\/users\/4"}],"replies":[{"embeddable":true,"href":"https:\/\/inforse.org\/latinamerica\/wp-json\/wp\/v2\/comments?post=171"}],"version-history":[{"count":4,"href":"https:\/\/inforse.org\/latinamerica\/wp-json\/wp\/v2\/pages\/171\/revisions"}],"predecessor-version":[{"id":1147,"href":"https:\/\/inforse.org\/latinamerica\/wp-json\/wp\/v2\/pages\/171\/revisions\/1147"}],"wp:attachment":[{"href":"https:\/\/inforse.org\/latinamerica\/wp-json\/wp\/v2\/media?parent=171"}],"curies":[{"name":"wp","href":"https:\/\/api.w.org\/{rel}","templated":true}]}}