{"id":1091,"date":"2024-03-18T10:15:46","date_gmt":"2024-03-18T13:15:46","guid":{"rendered":"https:\/\/inforse.org\/latinamerica\/?page_id=1091"},"modified":"2024-03-19T12:08:09","modified_gmt":"2024-03-19T15:08:09","slug":"inforse-europa-pt","status":"publish","type":"page","link":"https:\/\/inforse.org\/latinamerica\/pt\/inforse-europa-pt\/","title":{"rendered":"INFORSE Europa"},"content":{"rendered":"<p><a href=\"https:\/\/inforse.org\/europe\/\"><img decoding=\"async\" loading=\"lazy\" class=\"alignnone size-full wp-image-1129\" src=\"https:\/\/inforse.org\/latinamerica\/wp-content\/uploads\/2024\/03\/INFORSE-Europe_logo-in-globe-300x300-2.png\" alt=\"\" width=\"300\" height=\"300\" srcset=\"https:\/\/inforse.org\/latinamerica\/wp-content\/uploads\/2024\/03\/INFORSE-Europe_logo-in-globe-300x300-2.png 300w, https:\/\/inforse.org\/latinamerica\/wp-content\/uploads\/2024\/03\/INFORSE-Europe_logo-in-globe-300x300-2-150x150.png 150w, https:\/\/inforse.org\/latinamerica\/wp-content\/uploads\/2024\/03\/INFORSE-Europe_logo-in-globe-300x300-2-100x100.png 100w\" sizes=\"(max-width: 300px) 100vw, 300px\" \/><\/a><\/p>\n<p>INFORSE Europa \u2013 Link<a href=\"https:\/\/inforse.org\/europe\/\"> INFORSE.ORG\/EUROPE<\/a><\/p>\n<p>A INFORSE Europa \u00e9 uma das 7 regi\u00f5es da Rede Internacional para Energia Sustent\u00e1vel (INFORSE), que \u00e9 uma rede mundial de ONG formada no F\u00f3rum Global na Cimeira da Terra (UNCED) no Rio de Janeiro em 1992.<\/p>\n<p>A INFORSE tem mais de 145 organiza\u00e7\u00f5es membros em todo o mundo e trabalha para a implementa\u00e7\u00e3o de solu\u00e7\u00f5es energ\u00e9ticas sustent\u00e1veis atrav\u00e9s da troca de informa\u00e7\u00f5es, cria\u00e7\u00e3o de consci\u00eancia, formula\u00e7\u00e3o e implementa\u00e7\u00e3o de estrat\u00e9gias e lobby em f\u00f3runs internacionais.<\/p>\n<p>A INFORSE Europe tem 85 membros de 35 pa\u00edses, que est\u00e3o detalhados na nossa lista de membros online. Desde 2002, a INFORSE-Europe tem funcionado como uma entidade econ\u00f3mica separada. O Estatuto Social foi adotado em 1994 e revisado em 2005.<\/p>\n<p>A INFORSE trabalha para a implementa\u00e7\u00e3o de solu\u00e7\u00f5es energ\u00e9ticas sustent\u00e1veis atrav\u00e9s da troca de informa\u00e7\u00f5es, da sensibiliza\u00e7\u00e3o, da formula\u00e7\u00e3o e implementa\u00e7\u00e3o de estrat\u00e9gias e do lobbying em f\u00f3runs internacionais. A rede \u00e9 um ponto de encontro para ONG que trabalham a n\u00edvel local, bem como a n\u00edvel nacional, regional e internacional. Todas as organiza\u00e7\u00f5es membros est\u00e3o unidas numa estrat\u00e9gia comum para o desenvolvimento sustent\u00e1vel a longo prazo que elimina gradualmente a utiliza\u00e7\u00e3o de energia nuclear e f\u00f3ssil. A INFORSE promove a promo\u00e7\u00e3o de solu\u00e7\u00f5es energ\u00e9ticas sustent\u00e1veis (energias renov\u00e1veis e efici\u00eancia energ\u00e9tica) que utilizam abordagens descentralizadas. Todas as atividades procuram proteger o ambiente e alcan\u00e7ar o desenvolvimento atrav\u00e9s da redu\u00e7\u00e3o da pobreza.<\/p>\n<p><strong>Estrutura da INFORSE Europa:<\/strong><br \/>\nOs membros da INFORSE Europe elegem o(s) Coordenador(es) e o Conselho de Administra\u00e7\u00e3o da organiza\u00e7\u00e3o nas Assembleias Gerais. Todas as atividades s\u00e3o conduzidas de acordo com os Estatutos da INFORSE-Europa e a Carta da INFORSE. Os Estatutos foram aprovados em Assembleia Geral em 1994 e modificados em 2005.<\/p>\n<p><strong>Coordenadores regionais:<\/strong> Rede Internacional INFORSE para Energia Sustent\u00e1vel OVE, att. Gunnar Boye Olesen, Dinamarca<\/p>\n<p><strong>Fazer press\u00e3o sobre a pol\u00edtica da UE:<\/strong> A INFORSE Europe est\u00e1 registada no sistema de registo de transpar\u00eancia da UE e analisa as pol\u00edticas energ\u00e9ticas e clim\u00e1ticas da UE, publica e junta-se a resumos de pol\u00edticas com base nas contribui\u00e7\u00f5es dos membros, por ex. directivas relativas \u00e0 concep\u00e7\u00e3o ecol\u00f3gica, \u00e0 rotulagem energ\u00e9tica, \u00e0s energias renov\u00e1veis e \u00e0 efici\u00eancia energ\u00e9tica.<\/p>\n<p><strong>DIERET:<\/strong> A INFORSE criou a Educa\u00e7\u00e3o \u00e0 Dist\u00e2ncia pela Internet, que oferece cursos de autoforma\u00e7\u00e3o em energias renov\u00e1veis em ingl\u00eas, russo, eslovaco e ucraniano.<\/p>\n<p><strong>Atividades do INFORSE:<\/strong><br \/>\nA INFORSE Europe tem sido associada da campanha da Iniciativa da Campanha Europeia para a Energia Sustent\u00e1vel da UE. A INFORSE participou na Primeira Confer\u00eancia da Campanha em 2005 (revis\u00e3o), na Semana da Energia Sustent\u00e1vel em 2007, e exp\u00f4s na EUSEW 2008, Bruxelas, de 28 de Janeiro a 1 de Fevereiro de 2008. A INFORSE Europa organizou um evento para a Semana da Energia Sustent\u00e1vel ( EUSEW&#8217;09) em Fevereiro de 2009, e na EUSEW 2011. Leia mais sobre a Campanha EU SE.<\/p>\n<p>Sinergias INFORSE entre continentes Projeto de coopera\u00e7\u00e3o em rede global de ONGs na \u00c1frica Oriental e Ocidental, Sul da \u00c1sia e Am\u00e9rica Latina. Solu\u00e7\u00f5es locais propostas para a\u00e7\u00e3o e desenvolvimento clim\u00e1tico e pol\u00edticas para promover e ampliar solu\u00e7\u00f5es locais de energia sustent\u00e1vel em 2022-2023. Veja mais <a href=\"http:\/\/inforse.org\/synergies.php\">aqui<\/a>.<\/p>\n<p>INFORSE Europe Exibiu e\/ou organizou eventos paralelos sozinho ou em conjunto com outras ONGs nos \u00faltimos anos, incluindo: EUSEW 2023, EUSEW 2022, EUSEW 2020; EUSEW 2019 e EDD 2019; EUSEW 2018, Bruxelas (Programa do evento EUSEW\u201918, pdf); EUSEW 2013, Bruxelas (EUSEW\u201913); Semana Verde da UE, maio de 2011, Bruxelas (GW\u201911); Semana Verde da UE 2009, Bruxelas (GW\u201909); EUSEW 2008, Bruxelas, (EUSEW\u201908); Reuni\u00e3o de Ministros do Ambiente, Exposi\u00e7\u00e3o em coopera\u00e7\u00e3o com NN\/SPARE, Belgrado, 2007 (Belgrado&#8217;07); RENEXPO, 2006, Augsburgo, Alemanha. (RENEXPO\u201906); Semana Verde da UE, 29 de maio a 3 de junho de 2005, Bruxelas, B\u00e9lgica. (GV\u201905); Dias Mundiais da Energia Sustent\u00e1vel, Wels, \u00c1ustria, 2005 (Wels\u201905); Confer\u00eancia Bonn Renewables 2004, Exposi\u00e7\u00e3o juntamente com CURES (Bonn\u00b404).<\/p>\n<p>A INFORSE tem status consultivo junto ao UN ECOSOC (desde 1998) e \u00e0 UNFCCC (desde 2002). Coment\u00e1rios, workshops, declara\u00e7\u00f5es e exposi\u00e7\u00f5es s\u00e3o preparados para v\u00e1rios eventos das Na\u00e7\u00f5es Unidas ou ministeriais e seus f\u00f3runs paralelos de ONGs, incluindo:<\/p>\n<ul>\n<li>Confer\u00eancias Clim\u00e1ticas:\n<ul>\n<li>COP28<\/li>\n<li>SB 58 de junho de 2023, Bonn, Alemanha<\/li>\n<li>COP27 2022 Egito<\/li>\n<li>SB56, junho de 2022, Bonn, Alemanha<\/li>\n<li>COP26 2021 Glasgow, Reino Unido<\/li>\n<li>Di\u00e1logo Clim\u00e1tico da UNFCCC 2020 (Virtual)<\/li>\n<li>COP 25 2019 Madri<\/li>\n<li>COP24 2018 Katowice<\/li>\n<li>SB48 2018, Bonn, Alemanha<\/li>\n<li>COP23 2017 Fiji\/Bona<\/li>\n<li>COP22 2016<\/li>\n<li>SB44 Bona 2016<\/li>\n<li>COP21 Paris 2015<\/li>\n<li>SBI42 Bona 2015<\/li>\n<li>COP20 Lima 2014<\/li>\n<li>COP19 Vars\u00f3via 2013<\/li>\n<li>COP18 Doha, Catar 2012<\/li>\n<li>COP17 \u00c1frica do Sul 2011<\/li>\n<li>COP16 Canc\u00fan 2010<\/li>\n<li>COP15 Copenhague 2009<\/li>\n<li>COP14 Pozna\u0144 2008<\/li>\n<li>COP13 Bali 2007<\/li>\n<\/ul>\n<\/li>\n<li>HLPF da ONU, julho de 2020 (virtual)<\/li>\n<li>Rio+20, junho de 2012<\/li>\n<li>Grupos de Trabalho da UNECE sobre Meio Ambiente e Energia Sustent\u00e1vel em Genebra.<\/li>\n<li>Acompanhamento das Confer\u00eancias do Rio, Processo CSD da ONU. (CSD15 Nova Iorque 2007, e CSD14 Nova Iorque em 2006, CSD9 Nova Iorque, WSSD &amp; F\u00f3rum da Sociedade Civil, Joanesburgo, 2002)<\/li>\n<li>Acompanhamento da Confer\u00eancia de Joanesburgo (Bona 2004, Pequim 2005)<\/li>\n<li>Reuni\u00e3o dos Ministros Europeus do Ambiente Aarhus \u00b498 (Organizadores locais de ONG), (Belgrado 2005)<\/li>\n<li>5\u00aa Confer\u00eancia Internacional sobre Educa\u00e7\u00e3o de Adultos 97, (Budapeste 2006)<\/li>\n<li>Cimeira Solar Mundial da UNESCO 1996<\/li>\n<li>Cimeira Mundial para o Desenvolvimento Social 1995<\/li>\n<\/ul>\n<p>Encontre mais informa\u00e7\u00f5es no website da <a href=\"https:\/\/inforse.org\/europe\/\">INFORSE-Europe<\/a> e na nossa base de dados de membros <a href=\"https:\/\/inforse.org\/europe\/membership.php3\">aqui<\/a> e na nossa base de dados de contactos <a href=\"https:\/\/inforse.org\/europe\/contactlist.php3\">aqui<\/a>.<\/p>\n<p>Se quiser apoiar o nosso trabalho de sustentabilidade na Europa, pode fazer a diferen\u00e7a <a href=\"https:\/\/inforse.org\/europe\/contactlist.php3\">aqui<\/a>.<\/p>\n<p><a href=\"https:\/\/www.facebook.com\/INFORSE_EU\"><img decoding=\"async\" loading=\"lazy\" class=\"alignnone wp-image-1185\" src=\"https:\/\/inforse.org\/latinamerica\/wp-content\/uploads\/2024\/03\/Facebook_icon.svg_-2-300x300.png\" alt=\"\" width=\"50\" height=\"50\" srcset=\"https:\/\/inforse.org\/latinamerica\/wp-content\/uploads\/2024\/03\/Facebook_icon.svg_-2-300x300.png 300w, https:\/\/inforse.org\/latinamerica\/wp-content\/uploads\/2024\/03\/Facebook_icon.svg_-2-1024x1024.png 1024w, https:\/\/inforse.org\/latinamerica\/wp-content\/uploads\/2024\/03\/Facebook_icon.svg_-2-150x150.png 150w, https:\/\/inforse.org\/latinamerica\/wp-content\/uploads\/2024\/03\/Facebook_icon.svg_-2-768x768.png 768w, https:\/\/inforse.org\/latinamerica\/wp-content\/uploads\/2024\/03\/Facebook_icon.svg_-2-1536x1536.png 1536w, https:\/\/inforse.org\/latinamerica\/wp-content\/uploads\/2024\/03\/Facebook_icon.svg_-2-100x100.png 100w, https:\/\/inforse.org\/latinamerica\/wp-content\/uploads\/2024\/03\/Facebook_icon.svg_-2.png 2048w\" sizes=\"(max-width: 50px) 100vw, 50px\" \/><\/a> <a href=\"https:\/\/twitter.com\/INFORSE_EU\"><img decoding=\"async\" loading=\"lazy\" class=\"alignnone wp-image-1180\" src=\"https:\/\/inforse.org\/latinamerica\/wp-content\/uploads\/2024\/03\/twitter_x_new_logo_x_rounded_icon_256078-300x219.png\" alt=\"\" width=\"68\" height=\"50\" srcset=\"https:\/\/inforse.org\/latinamerica\/wp-content\/uploads\/2024\/03\/twitter_x_new_logo_x_rounded_icon_256078-300x219.png 300w, https:\/\/inforse.org\/latinamerica\/wp-content\/uploads\/2024\/03\/twitter_x_new_logo_x_rounded_icon_256078.png 512w\" sizes=\"(max-width: 68px) 100vw, 68px\" \/><\/a><\/p>\n","protected":false},"excerpt":{"rendered":"<p>INFORSE Europa \u2013 Link INFORSE.ORG\/EUROPE A INFORSE Europa \u00e9 uma das 7 regi\u00f5es da Rede Internacional para Energia Sustent\u00e1vel (INFORSE), que \u00e9 uma rede mundial de ONG formada no F\u00f3rum Global na Cimeira da Terra (UNCED) no Rio de Janeiro em 1992. A INFORSE tem mais de 145 organiza\u00e7\u00f5es membros em todo o mundo e &hellip; <\/p>\n<p class=\"link-more\"><a href=\"https:\/\/inforse.org\/latinamerica\/pt\/inforse-europa-pt\/\" class=\"more-link\">Continue reading<span class=\"screen-reader-text\"> &#8220;INFORSE Europa&#8221;<\/span><\/a><\/p>\n","protected":false},"author":8,"featured_media":0,"parent":0,"menu_order":0,"comment_status":"closed","ping_status":"closed","template":"","meta":{"footnotes":""},"_links":{"self":[{"href":"https:\/\/inforse.org\/latinamerica\/wp-json\/wp\/v2\/pages\/1091"}],"collection":[{"href":"https:\/\/inforse.org\/latinamerica\/wp-json\/wp\/v2\/pages"}],"about":[{"href":"https:\/\/inforse.org\/latinamerica\/wp-json\/wp\/v2\/types\/page"}],"author":[{"embeddable":true,"href":"https:\/\/inforse.org\/latinamerica\/wp-json\/wp\/v2\/users\/8"}],"replies":[{"embeddable":true,"href":"https:\/\/inforse.org\/latinamerica\/wp-json\/wp\/v2\/comments?post=1091"}],"version-history":[{"count":7,"href":"https:\/\/inforse.org\/latinamerica\/wp-json\/wp\/v2\/pages\/1091\/revisions"}],"predecessor-version":[{"id":1220,"href":"https:\/\/inforse.org\/latinamerica\/wp-json\/wp\/v2\/pages\/1091\/revisions\/1220"}],"wp:attachment":[{"href":"https:\/\/inforse.org\/latinamerica\/wp-json\/wp\/v2\/media?parent=1091"}],"curies":[{"name":"wp","href":"https:\/\/api.w.org\/{rel}","templated":true}]}}