{"id":1033,"date":"2024-03-14T10:48:59","date_gmt":"2024-03-14T13:48:59","guid":{"rendered":"https:\/\/inforse.org\/latinamerica\/?page_id=1033"},"modified":"2024-03-19T11:21:54","modified_gmt":"2024-03-19T14:21:54","slug":"inforse-global-es","status":"publish","type":"page","link":"https:\/\/inforse.org\/latinamerica\/es\/inforse-global-es\/","title":{"rendered":"INFORSE Global"},"content":{"rendered":"<p><img decoding=\"async\" loading=\"lazy\" class=\"alignnone wp-image-627\" src=\"https:\/\/inforse.org\/latinamerica\/wp-content\/uploads\/2024\/01\/INFORSE-logo-297x300.png\" alt=\"INFORSE Global logo\" width=\"200\" height=\"202\" srcset=\"https:\/\/inforse.org\/latinamerica\/wp-content\/uploads\/2024\/01\/INFORSE-logo-297x300.png 297w, https:\/\/inforse.org\/latinamerica\/wp-content\/uploads\/2024\/01\/INFORSE-logo-100x100.png 100w, https:\/\/inforse.org\/latinamerica\/wp-content\/uploads\/2024\/01\/INFORSE-logo.png 576w\" sizes=\"(max-width: 200px) 100vw, 200px\" \/><\/p>\n<p>Link:\u00a0 <a href=\"https:\/\/inforse.org\/\">INFORSE.ORG<\/a><\/p>\n<p><strong>Influir en la agenda global:<\/strong> INFORSE participa en eventos de la ONU y sus foros paralelos de ONG, como las conferencias de la Convenci\u00f3n de las Naciones Unidas sobre el Cambio Clim\u00e1tico y el seguimiento de la Conferencia de R\u00edo &#8220;Cumbre de la Tierra&#8221; de 1992.<\/p>\n<p><strong>Estructura:<\/strong> INFORSE est\u00e1 organizado en torno a los coordinadores regionales, que trabajan para facilitar la cooperaci\u00f3n entre las organizaciones miembros. En INFORSE Europa, los miembros eligen a los coordinadores y a una junta directiva de cinco personas en las Asambleas Generales.<\/p>\n<p><strong>Lista de contactos:<\/strong> m\u00e1s de 1000 contactos sobre ONG, institutos educativos y de investigaci\u00f3n y tomadores de decisiones. La base de datos se puede buscar seg\u00fan los miembros, contactos o nombre de las organizaciones y pa\u00edses. Encuentre la lista de contactos <a href=\"https:\/\/inforse.org\/regions.php3\">aqu\u00ed<\/a>.<\/p>\n<p><strong>Eventos:<\/strong> INFORSE organiza seminarios para ONG a nivel internacional tambi\u00e9n y conferencias de la CMNUCC y los ODS de la ONU.<\/p>\n<p><strong>Proyectos de cooperaci\u00f3n<\/strong>: Los miembros cooperan en proyectos, publicaciones, visitas de estudio y campa\u00f1as.<\/p>\n<p><strong>Aniversarios:<\/strong><br \/>\nINFORSE cumplir\u00e1 30 a\u00f1os en 2022. Consulte tambi\u00e9n la edici\u00f3n del 30 aniversario de Sustainable Energy News <a href=\"https:\/\/www.inforse.org\/doc\/SEN86.pdf\">aqu\u00ed<\/a>.<\/p>\n<p>INFORSE cumpli\u00f3 25 a\u00f1os en 2017, INFORSE-Europa celebr\u00f3 el 25 aniversario en un seminario en el Nordic Folkecenter for Renewable Energy. Vea tambi\u00e9n la edici\u00f3n del 25 aniversario de Sustainable Energy News <a href=\"https:\/\/inforse.org\/europe\/pdfs\/SEN_81.pdf\">aqu\u00ed<\/a>.<\/p>\n<p>INFORSE cumpli\u00f3 15 a\u00f1os en 2007. INFORSE-Europa celebr\u00f3 el 15\u00ba aniversario en un seminario en la isla danesa de energ\u00edas renovables Sams\u00f8. Vea tambi\u00e9n la edici\u00f3n del 15 aniversario de Sustainable Energy News <a href=\"https:\/\/inforse.org\/europe\/pdfs\/SEN58-15year_theme_2007.pdf\">aqu\u00ed<\/a>.<\/p>\n<p><a href=\"https:\/\/www.facebook.com\/INFORSE\"><img decoding=\"async\" loading=\"lazy\" class=\"alignnone wp-image-1195\" src=\"https:\/\/inforse.org\/latinamerica\/wp-content\/uploads\/2024\/03\/Facebook_icon.svg_-3-300x300.png\" alt=\"\" width=\"56\" height=\"56\" srcset=\"https:\/\/inforse.org\/latinamerica\/wp-content\/uploads\/2024\/03\/Facebook_icon.svg_-3-300x300.png 300w, https:\/\/inforse.org\/latinamerica\/wp-content\/uploads\/2024\/03\/Facebook_icon.svg_-3-1024x1024.png 1024w, https:\/\/inforse.org\/latinamerica\/wp-content\/uploads\/2024\/03\/Facebook_icon.svg_-3-150x150.png 150w, https:\/\/inforse.org\/latinamerica\/wp-content\/uploads\/2024\/03\/Facebook_icon.svg_-3-768x768.png 768w, https:\/\/inforse.org\/latinamerica\/wp-content\/uploads\/2024\/03\/Facebook_icon.svg_-3-1536x1536.png 1536w, https:\/\/inforse.org\/latinamerica\/wp-content\/uploads\/2024\/03\/Facebook_icon.svg_-3-100x100.png 100w, https:\/\/inforse.org\/latinamerica\/wp-content\/uploads\/2024\/03\/Facebook_icon.svg_-3.png 2048w\" sizes=\"(max-width: 56px) 100vw, 56px\" \/><\/a> <a href=\"https:\/\/twitter.com\/INFORSE_ORG\"><img decoding=\"async\" loading=\"lazy\" class=\"alignnone wp-image-1180\" src=\"https:\/\/inforse.org\/latinamerica\/wp-content\/uploads\/2024\/03\/twitter_x_new_logo_x_rounded_icon_256078-300x219.png\" alt=\"\" width=\"75\" height=\"55\" srcset=\"https:\/\/inforse.org\/latinamerica\/wp-content\/uploads\/2024\/03\/twitter_x_new_logo_x_rounded_icon_256078-300x219.png 300w, https:\/\/inforse.org\/latinamerica\/wp-content\/uploads\/2024\/03\/twitter_x_new_logo_x_rounded_icon_256078.png 512w\" sizes=\"(max-width: 75px) 100vw, 75px\" \/><\/a><\/p>\n","protected":false},"excerpt":{"rendered":"<p>Link:\u00a0 INFORSE.ORG Influir en la agenda global: INFORSE participa en eventos de la ONU y sus foros paralelos de ONG, como las conferencias de la Convenci\u00f3n de las Naciones Unidas sobre el Cambio Clim\u00e1tico y el seguimiento de la Conferencia de R\u00edo &#8220;Cumbre de la Tierra&#8221; de 1992. Estructura: INFORSE est\u00e1 organizado en torno a &hellip; <\/p>\n<p class=\"link-more\"><a href=\"https:\/\/inforse.org\/latinamerica\/es\/inforse-global-es\/\" class=\"more-link\">Continue reading<span class=\"screen-reader-text\"> &#8220;INFORSE Global&#8221;<\/span><\/a><\/p>\n","protected":false},"author":8,"featured_media":0,"parent":0,"menu_order":0,"comment_status":"closed","ping_status":"closed","template":"","meta":{"footnotes":""},"_links":{"self":[{"href":"https:\/\/inforse.org\/latinamerica\/wp-json\/wp\/v2\/pages\/1033"}],"collection":[{"href":"https:\/\/inforse.org\/latinamerica\/wp-json\/wp\/v2\/pages"}],"about":[{"href":"https:\/\/inforse.org\/latinamerica\/wp-json\/wp\/v2\/types\/page"}],"author":[{"embeddable":true,"href":"https:\/\/inforse.org\/latinamerica\/wp-json\/wp\/v2\/users\/8"}],"replies":[{"embeddable":true,"href":"https:\/\/inforse.org\/latinamerica\/wp-json\/wp\/v2\/comments?post=1033"}],"version-history":[{"count":6,"href":"https:\/\/inforse.org\/latinamerica\/wp-json\/wp\/v2\/pages\/1033\/revisions"}],"predecessor-version":[{"id":1207,"href":"https:\/\/inforse.org\/latinamerica\/wp-json\/wp\/v2\/pages\/1033\/revisions\/1207"}],"wp:attachment":[{"href":"https:\/\/inforse.org\/latinamerica\/wp-json\/wp\/v2\/media?parent=1033"}],"curies":[{"name":"wp","href":"https:\/\/api.w.org\/{rel}","templated":true}]}}

<p><img decoding="async" loading="lazy" class="alignnone wp-image-627" src="https://inforse.org/latinamerica/wp-content/uploads/2024/01/INFORSE-logo-297x300.png" alt="INFORSE Global logo" width="200" height="202" srcset="https://inforse.org/latinamerica/wp-content/uploads/2024/01/INFORSE-logo-297x300.png 297w, https://inforse.org/latinamerica/wp-content/uploads/2024/01/INFORSE-logo-100x100.png 100w, https://inforse.org/latinamerica/wp-content/uploads/2024/01/INFORSE-logo.png 576w" sizes="(max-width: 200px) 100vw, 200px" /></p>
<p>Link:  <a href="https://inforse.org/">INFORSE.ORG</a></p>
<p><strong>Influir en la agenda global:</strong> INFORSE participa en eventos de la ONU y sus foros paralelos de ONG, como las conferencias de la Convención de las Naciones Unidas sobre el Cambio Climático y el seguimiento de la Conferencia de Río &#8220;Cumbre de la Tierra&#8221; de 1992.</p>
<p><strong>Estructura:</strong> INFORSE está organizado en torno a los coordinadores regionales, que trabajan para facilitar la cooperación entre las organizaciones miembros. En INFORSE Europa, los miembros eligen a los coordinadores y a una junta directiva de cinco personas en las Asambleas Generales.</p>
<p><strong>Lista de contactos:</strong> más de 1000 contactos sobre ONG, institutos educativos y de investigación y tomadores de decisiones. La base de datos se puede buscar según los miembros, contactos o nombre de las organizaciones y países. Encuentre la lista de contactos <a href="https://inforse.org/regions.php3">aquí</a>.</p>
<p><strong>Eventos:</strong> INFORSE organiza seminarios para ONG a nivel internacional también y conferencias de la CMNUCC y los ODS de la ONU.</p>
<p><strong>Proyectos de cooperación</strong>: Los miembros cooperan en proyectos, publicaciones, visitas de estudio y campañas.</p>
<p><strong>Aniversarios:</strong><br />
INFORSE cumplirá 30 años en 2022. Consulte también la edición del 30 aniversario de Sustainable Energy News <a href="https://www.inforse.org/doc/SEN86.pdf">aquí</a>.</p>
<p>INFORSE cumplió 25 años en 2017, INFORSE-Europa celebró el 25 aniversario en un seminario en el Nordic Folkecenter for Renewable Energy. Vea también la edición del 25 aniversario de Sustainable Energy News <a href="https://inforse.org/europe/pdfs/SEN_81.pdf">aquí</a>.</p>
<p>INFORSE cumplió 15 años en 2007. INFORSE-Europa celebró el 15º aniversario en un seminario en la isla danesa de energías renovables Samsø. Vea también la edición del 15 aniversario de Sustainable Energy News <a href="https://inforse.org/europe/pdfs/SEN58-15year_theme_2007.pdf">aquí</a>.</p>
<p><a href="https://www.facebook.com/INFORSE"><img decoding="async" loading="lazy" class="alignnone wp-image-1195" src="https://inforse.org/latinamerica/wp-content/uploads/2024/03/Facebook_icon.svg_-3-300x300.png" alt="" width="56" height="56" srcset="https://inforse.org/latinamerica/wp-content/uploads/2024/03/Facebook_icon.svg_-3-300x300.png 300w, https://inforse.org/latinamerica/wp-content/uploads/2024/03/Facebook_icon.svg_-3-1024x1024.png 1024w, https://inforse.org/latinamerica/wp-content/uploads/2024/03/Facebook_icon.svg_-3-150x150.png 150w, https://inforse.org/latinamerica/wp-content/uploads/2024/03/Facebook_icon.svg_-3-768x768.png 768w, https://inforse.org/latinamerica/wp-content/uploads/2024/03/Facebook_icon.svg_-3-1536x1536.png 1536w, https://inforse.org/latinamerica/wp-content/uploads/2024/03/Facebook_icon.svg_-3-100x100.png 100w, https://inforse.org/latinamerica/wp-content/uploads/2024/03/Facebook_icon.svg_-3.png 2048w" sizes="(max-width: 56px) 100vw, 56px" /></a> <a href="https://twitter.com/INFORSE_ORG"><img decoding="async" loading="lazy" class="alignnone wp-image-1180" src="https://inforse.org/latinamerica/wp-content/uploads/2024/03/twitter_x_new_logo_x_rounded_icon_256078-300x219.png" alt="" width="75" height="55" srcset="https://inforse.org/latinamerica/wp-content/uploads/2024/03/twitter_x_new_logo_x_rounded_icon_256078-300x219.png 300w, https://inforse.org/latinamerica/wp-content/uploads/2024/03/twitter_x_new_logo_x_rounded_icon_256078.png 512w" sizes="(max-width: 75px) 100vw, 75px" /></a></p>

<p>Link:  INFORSE.ORG Influir en la agenda global: INFORSE participa en eventos de la ONU y sus foros paralelos de ONG, como las conferencias de la Convención de las Naciones Unidas sobre el Cambio Climático y el seguimiento de la Conferencia de Río &#8220;Cumbre de la Tierra&#8221; de 1992. Estructura: INFORSE está organizado en torno a &hellip; </p>
<p class="link-more"><a href="https://inforse.org/latinamerica/es/inforse-global-es/" class="more-link">Continue reading<span class="screen-reader-text"> &#8220;INFORSE Global&#8221;</span></a></p>
